CRAN Package Check Results for Package bpbounds

Last updated on 2023-04-01 10:49:56 CEST.

Flavor Version Tinstall Tcheck Ttotal Status Flags
r-devel-linux-x86_64-debian-clang 0.1.4 3.36 33.88 37.24 NOTE
r-devel-linux-x86_64-debian-gcc 0.1.4 2.41 26.51 28.92 NOTE
r-devel-linux-x86_64-fedora-clang 0.1.4 46.73 NOTE
r-devel-linux-x86_64-fedora-gcc 0.1.4 54.48 NOTE
r-devel-windows-x86_64 0.1.4 23.00 62.00 85.00 NOTE
r-patched-linux-x86_64 0.1.4 3.24 32.69 35.93 NOTE
r-release-linux-x86_64 0.1.4 3.16 34.35 37.51 NOTE
r-release-macos-arm64 0.1.4 17.00 NOTE
r-release-macos-x86_64 0.1.4 30.00 NOTE
r-release-windows-x86_64 0.1.4 21.00 67.00 88.00 NOTE
r-oldrel-macos-arm64 0.1.4 26.00 NOTE
r-oldrel-macos-x86_64 0.1.4 36.00 NOTE
r-oldrel-windows-ix86+x86_64 0.1.4 6.00 62.00 68.00 NOTE

Check Details

Version: 0.1.4
Check: LazyData
Result: NOTE
     'LazyData' is specified without a 'data' directory
Flavors: r-devel-linux-x86_64-debian-clang, r-devel-linux-x86_64-debian-gcc, r-devel-linux-x86_64-fedora-clang, r-devel-linux-x86_64-fedora-gcc, r-devel-windows-x86_64, r-patched-linux-x86_64, r-release-linux-x86_64, r-release-macos-arm64, r-release-macos-x86_64, r-release-windows-x86_64, r-oldrel-macos-arm64, r-oldrel-macos-x86_64, r-oldrel-windows-ix86+x86_64