CRAN Package Check Results for Package box

Last updated on 2022-12-06 09:52:18 CET.

Flavor Version Tinstall Tcheck Ttotal Status Flags
r-devel-linux-x86_64-debian-clang 1.1.2 6.17 57.77 63.94 NOTE
r-devel-linux-x86_64-debian-gcc 1.1.2 4.38 46.84 51.22 NOTE
r-devel-linux-x86_64-fedora-clang 1.1.2 90.55 NOTE
r-devel-linux-x86_64-fedora-gcc 1.1.2 105.50 NOTE
r-devel-windows-x86_64 1.1.2 64.00 102.00 166.00 NOTE
r-patched-linux-x86_64 1.1.2 6.48 55.04 61.52 OK
r-release-linux-x86_64 1.1.2 5.82 51.88 57.70 OK
r-release-macos-arm64 1.1.2 31.00 OK
r-release-macos-x86_64 1.1.2 63.00 OK
r-release-windows-x86_64 1.1.2 59.00 103.00 162.00 OK
r-oldrel-macos-arm64 1.1.2 30.00 OK
r-oldrel-macos-x86_64 1.1.2 65.00 OK
r-oldrel-windows-ix86+x86_64 1.1.2 14.00 103.00 117.00 OK

Check Details

Version: 1.1.2
Check: package subdirectories
Result: NOTE
    Problems with news in 'NEWS.md':
     Cannot extract version info from the following section titles:
     modules 0.x
Flavors: r-devel-linux-x86_64-debian-clang, r-devel-linux-x86_64-debian-gcc, r-devel-linux-x86_64-fedora-clang, r-devel-linux-x86_64-fedora-gcc, r-devel-windows-x86_64