Last updated on 2023-02-06 09:55:38 CET.
Flavor | Version | Tinstall | Tcheck | Ttotal | Status | Flags |
---|---|---|---|---|---|---|
r-devel-linux-x86_64-debian-clang | 1.0.1 | 2.20 | 30.30 | 32.50 | NOTE | |
r-devel-linux-x86_64-debian-gcc | 1.0.1 | 1.77 | 23.83 | 25.60 | NOTE | |
r-devel-linux-x86_64-fedora-clang | 1.0.1 | 45.40 | NOTE | |||
r-devel-linux-x86_64-fedora-gcc | 1.0.1 | 51.94 | NOTE | |||
r-devel-windows-x86_64 | 1.0.1 | 19.00 | 69.00 | 88.00 | NOTE | |
r-patched-linux-x86_64 | 1.0.1 | 1.88 | 30.20 | 32.08 | NOTE | |
r-release-linux-x86_64 | 1.0.1 | 2.68 | 30.19 | 32.87 | NOTE | |
r-release-macos-arm64 | 1.0.1 | 22.00 | NOTE | |||
r-release-macos-x86_64 | 1.0.1 | 26.00 | NOTE | |||
r-release-windows-x86_64 | 1.0.1 | 21.00 | 67.00 | 88.00 | NOTE | |
r-oldrel-macos-arm64 | 1.0.1 | 24.00 | NOTE | |||
r-oldrel-macos-x86_64 | 1.0.1 | 29.00 | NOTE | |||
r-oldrel-windows-ix86+x86_64 | 1.0.1 | 6.00 | 61.00 | 67.00 | NOTE |
Version: 1.0.1
Check: LazyData
Result: NOTE
'LazyData' is specified without a 'data' directory
Flavors: r-devel-linux-x86_64-debian-clang, r-devel-linux-x86_64-debian-gcc, r-devel-linux-x86_64-fedora-clang, r-devel-linux-x86_64-fedora-gcc, r-devel-windows-x86_64, r-patched-linux-x86_64, r-release-linux-x86_64, r-release-macos-arm64, r-release-macos-x86_64, r-release-windows-x86_64, r-oldrel-macos-arm64, r-oldrel-macos-x86_64, r-oldrel-windows-ix86+x86_64