CRAN Package Check Results for Package bootGOF

Last updated on 2022-12-07 10:49:54 CET.

Flavor Version Tinstall Tcheck Ttotal Status Flags
r-devel-linux-x86_64-debian-clang 0.1.0 13.54 43.70 57.24 OK
r-devel-linux-x86_64-debian-gcc 0.1.0 8.50 34.25 42.75 OK
r-devel-linux-x86_64-fedora-clang 0.1.0 83.28 NOTE
r-devel-linux-x86_64-fedora-gcc 0.1.0 99.49 NOTE
r-devel-windows-x86_64 0.1.0 32.00 83.00 115.00 OK
r-patched-linux-x86_64 0.1.0 10.35 41.54 51.89 OK
r-release-linux-x86_64 0.1.0 14.25 41.21 55.46 OK
r-release-macos-arm64 0.1.0 24.00 NOTE
r-release-macos-x86_64 0.1.0 34.00 NOTE
r-release-windows-x86_64 0.1.0 30.00 74.00 104.00 OK
r-oldrel-macos-arm64 0.1.0 31.00 NOTE
r-oldrel-macos-x86_64 0.1.0 32.00 NOTE
r-oldrel-windows-ix86+x86_64 0.1.0 21.00 67.00 88.00 OK

Check Details

Version: 0.1.0
Check: dependencies in R code
Result: NOTE
    Namespace in Imports field not imported from: ‘R6’
     All declared Imports should be used.
Flavors: r-devel-linux-x86_64-fedora-clang, r-devel-linux-x86_64-fedora-gcc, r-release-macos-arm64, r-release-macos-x86_64, r-oldrel-macos-arm64, r-oldrel-macos-x86_64