Last updated on 2023-03-27 09:50:08 CEST.
Flavor | Version | Tinstall | Tcheck | Ttotal | Status | Flags |
---|---|---|---|---|---|---|
r-devel-linux-x86_64-debian-clang | 1.1.1 | 39.72 | 57.64 | 97.36 | NOTE | |
r-devel-linux-x86_64-debian-gcc | 1.1.1 | 29.93 | 43.59 | 73.52 | NOTE | |
r-devel-linux-x86_64-fedora-clang | 1.1.1 | 133.11 | NOTE | |||
r-devel-linux-x86_64-fedora-gcc | 1.1.1 | 125.33 | NOTE | |||
r-devel-windows-x86_64 | 1.1.1 | 45.00 | 107.00 | 152.00 | NOTE | |
r-patched-linux-x86_64 | 1.1.1 | 34.12 | 54.57 | 88.69 | NOTE | |
r-release-linux-x86_64 | 1.1.1 | 28.34 | 55.12 | 83.46 | OK | |
r-release-macos-arm64 | 1.1.1 | 39.00 | NOTE | |||
r-release-macos-x86_64 | 1.1.1 | 48.00 | NOTE | |||
r-release-windows-x86_64 | 1.1.1 | 41.00 | 109.00 | 150.00 | OK | |
r-oldrel-macos-arm64 | 1.1.1 | 43.00 | NOTE | |||
r-oldrel-macos-x86_64 | 1.1.1 | 51.00 | NOTE | |||
r-oldrel-windows-ix86+x86_64 | 1.1.1 | 93.00 | 215.00 | 308.00 | OK |
Version: 1.1.1
Check: C++ specification
Result: NOTE
Specified C++11: please drop specification unless essential
Flavors: r-devel-linux-x86_64-debian-clang, r-devel-linux-x86_64-debian-gcc, r-devel-linux-x86_64-fedora-clang, r-devel-linux-x86_64-fedora-gcc, r-devel-windows-x86_64, r-patched-linux-x86_64
Version: 1.1.1
Check: dependencies in R code
Result: NOTE
Namespace in Imports field not imported from: ‘usethis’
All declared Imports should be used.
Flavors: r-devel-linux-x86_64-fedora-clang, r-devel-linux-x86_64-fedora-gcc, r-release-macos-arm64, r-release-macos-x86_64, r-oldrel-macos-arm64, r-oldrel-macos-x86_64