CRAN Package Check Results for Package boot.heterogeneity

Last updated on 2022-12-03 10:51:15 CET.

Flavor Version Tinstall Tcheck Ttotal Status Flags
r-devel-linux-x86_64-debian-clang 1.1.5 8.86 84.99 93.85 OK
r-devel-linux-x86_64-debian-gcc 1.1.5 7.53 66.02 73.55 OK
r-devel-linux-x86_64-fedora-clang 1.1.5 129.90 NOTE
r-devel-linux-x86_64-fedora-gcc 1.1.5 124.79 NOTE
r-devel-windows-x86_64 1.1.5 26.00 117.00 143.00 OK
r-patched-linux-x86_64 1.1.5 8.55 81.99 90.54 OK
r-release-linux-x86_64 1.1.5 7.43 85.36 92.79 OK
r-release-macos-arm64 1.1.5 34.00 NOTE
r-release-macos-x86_64 1.1.5 51.00 NOTE
r-release-windows-x86_64 1.1.5 29.00 128.00 157.00 OK
r-oldrel-macos-arm64 1.1.5 41.00 NOTE
r-oldrel-macos-x86_64 1.1.5 50.00 NOTE
r-oldrel-windows-ix86+x86_64 1.1.5 19.00 112.00 131.00 OK

Check Details

Version: 1.1.5
Check: dependencies in R code
Result: NOTE
    Namespaces in Imports field not imported from:
     ‘HSAUR3’ ‘knitr’ ‘rmarkdown’
     All declared Imports should be used.
Flavors: r-devel-linux-x86_64-fedora-clang, r-devel-linux-x86_64-fedora-gcc, r-release-macos-arm64, r-release-macos-x86_64, r-oldrel-macos-arm64, r-oldrel-macos-x86_64