CRAN Package Check Results for Package bnlearn

Last updated on 2021-12-03 10:50:44 CET.

Flavor Version Tinstall Tcheck Ttotal Status Flags
r-devel-linux-x86_64-debian-clang 4.7 53.93 104.41 158.34 OK
r-devel-linux-x86_64-debian-gcc 4.7 34.76 76.43 111.19 OK
r-devel-linux-x86_64-fedora-clang 4.7 195.32 OK
r-devel-linux-x86_64-fedora-gcc 4.7 180.16 OK
r-devel-windows-x86_64-new-UL 4.7 137.00 150.00 287.00 OK
r-devel-windows-x86_64-new-TK 4.7 OK
r-devel-windows-x86_64-old 4.7 84.00 95.00 179.00 OK
r-patched-linux-x86_64 4.7 47.59 100.09 147.68 OK
r-patched-solaris-x86 4.7 231.30 OK
r-release-linux-x86_64 4.7 44.88 99.13 144.01 OK
r-release-macos-arm64 4.7 NOTE
r-release-macos-x86_64 4.7 OK
r-release-windows-ix86+x86_64 4.7 148.00 150.00 298.00 OK
r-oldrel-macos-x86_64 4.7 OK
r-oldrel-windows-ix86+x86_64 4.7 138.00 147.00 285.00 OK

Check Details

Version: 4.7
Check: package dependencies
Result: NOTE
    Package suggested but not available for checking: ‘gRain’
Flavor: r-release-macos-arm64