Last updated on 2023-09-23 10:58:37 CEST.
Flavor | Version | Tinstall | Tcheck | Ttotal | Status | Flags |
---|---|---|---|---|---|---|
r-devel-linux-x86_64-debian-clang | 1.1.43 | 69.03 | 132.81 | 201.84 | OK | |
r-devel-linux-x86_64-debian-gcc | 1.1.43 | 56.08 | 107.49 | 163.57 | OK | |
r-devel-linux-x86_64-fedora-clang | 1.1.43 | 274.27 | OK | |||
r-devel-linux-x86_64-fedora-gcc | 1.1.43 | 284.73 | OK | |||
r-devel-windows-x86_64 | 1.1.43 | 56.00 | 128.00 | 184.00 | OK | |
r-patched-linux-x86_64 | 1.1.43 | 67.31 | 131.91 | 199.22 | OK | |
r-release-linux-x86_64 | 1.1.43 | 63.13 | 130.39 | 193.52 | OK | |
r-release-macos-arm64 | 1.1.43 | 68.00 | NOTE | |||
r-release-macos-x86_64 | 1.1.43 | 173.00 | NOTE | |||
r-release-windows-x86_64 | 1.1.43 | 73.00 | 160.00 | 233.00 | OK | |
r-oldrel-macos-arm64 | 1.1.43 | 63.00 | NOTE | |||
r-oldrel-macos-x86_64 | 1.1.43 | 92.00 | NOTE | |||
r-oldrel-windows-x86_64 | 1.1.43 | 76.00 | 149.00 | 225.00 | OK |
Version: 1.1.43
Check: installed package size
Result: NOTE
installed size is 7.3Mb
sub-directories of 1Mb or more:
libs 6.7Mb
Flavors: r-release-macos-arm64, r-release-macos-x86_64, r-oldrel-macos-arm64, r-oldrel-macos-x86_64