CRAN Package Check Results for Package bizdays

Last updated on 2022-12-04 09:55:12 CET.

Flavor Version Tinstall Tcheck Ttotal Status Flags
r-devel-linux-x86_64-debian-clang 1.0.12 7.15 105.19 112.34 OK
r-devel-linux-x86_64-debian-gcc 1.0.12 4.70 80.01 84.71 OK
r-devel-linux-x86_64-fedora-clang 1.0.12 157.97 NOTE
r-devel-linux-x86_64-fedora-gcc 1.0.12 154.00 NOTE
r-devel-windows-x86_64 1.0.12 38.00 211.00 249.00 OK
r-patched-linux-x86_64 1.0.12 6.25 100.55 106.80 OK
r-release-linux-x86_64 1.0.12 5.71 94.26 99.97 OK
r-release-macos-arm64 1.0.12 43.00 OK
r-release-macos-x86_64 1.0.12 81.00 OK
r-release-windows-x86_64 1.0.12 50.00 189.00 239.00 OK
r-oldrel-macos-arm64 1.0.12 47.00 OK
r-oldrel-macos-x86_64 1.0.12 88.00 OK
r-oldrel-windows-ix86+x86_64 1.0.12 32.00 241.00 273.00 OK

Check Details

Version: 1.0.12
Check: package dependencies
Result: NOTE
    Package suggested but not available for checking: ‘RQuantLib’
Flavors: r-devel-linux-x86_64-fedora-clang, r-devel-linux-x86_64-fedora-gcc