Last updated on 2025-01-19 11:49:02 CET.
Flavor | Version | Tinstall | Tcheck | Ttotal | Status | Flags |
---|---|---|---|---|---|---|
r-devel-linux-x86_64-debian-clang | 0.6.1 | 140.93 | 154.48 | 295.41 | OK | |
r-devel-linux-x86_64-debian-gcc | 0.6.1 | 117.19 | 113.49 | 230.68 | OK | |
r-devel-linux-x86_64-fedora-clang | 0.6.1 | 484.31 | OK | |||
r-devel-linux-x86_64-fedora-gcc | 0.6.1 | 621.67 | OK | |||
r-devel-windows-x86_64 | 0.6.1 | 147.00 | 211.00 | 358.00 | OK | |
r-patched-linux-x86_64 | 0.6.1 | 150.03 | 154.79 | 304.82 | NOTE | |
r-release-linux-x86_64 | 0.6.1 | 156.90 | 154.59 | 311.49 | NOTE | |
r-release-macos-arm64 | 0.6.1 | 149.00 | NOTE | |||
r-release-macos-x86_64 | 0.6.1 | 347.00 | NOTE | |||
r-release-windows-x86_64 | 0.6.1 | 150.00 | 207.00 | 357.00 | NOTE | |
r-oldrel-macos-arm64 | 0.6.1 | 186.00 | NOTE | |||
r-oldrel-macos-x86_64 | 0.6.1 | 343.00 | NOTE | |||
r-oldrel-windows-x86_64 | 0.6.1 | 169.00 | 267.00 | 436.00 | NOTE |
Version: 0.6.1
Check: for GNU extensions in Makefiles
Result: NOTE
GNU make is a SystemRequirements.
Flavors: r-patched-linux-x86_64, r-release-linux-x86_64, r-release-macos-arm64, r-release-macos-x86_64, r-release-windows-x86_64, r-oldrel-macos-arm64, r-oldrel-macos-x86_64, r-oldrel-windows-x86_64
Version: 0.6.1
Check: installed package size
Result: NOTE
installed size is 48.3Mb
sub-directories of 1Mb or more:
extdata 1.5Mb
libs 46.0Mb
Flavors: r-release-macos-arm64, r-release-macos-x86_64, r-oldrel-macos-arm64, r-oldrel-macos-x86_64