Last updated on 2023-03-22 09:54:03 CET.
Flavor | Version | Tinstall | Tcheck | Ttotal | Status | Flags |
---|---|---|---|---|---|---|
r-devel-linux-x86_64-debian-clang | 0.6.2 | 43.53 | 608.18 | 651.71 | OK | |
r-devel-linux-x86_64-debian-gcc | 0.6.2 | 38.40 | 454.94 | 493.34 | OK | |
r-devel-linux-x86_64-fedora-clang | 0.6.2 | 842.64 | NOTE | |||
r-devel-linux-x86_64-fedora-gcc | 0.6.2 | 780.04 | OK | |||
r-devel-windows-x86_64 | 0.6.2 | 119.00 | 689.00 | 808.00 | NOTE | |
r-patched-linux-x86_64 | 0.6.2 | 47.38 | 545.45 | 592.83 | OK | |
r-release-linux-x86_64 | 0.6.2 | 40.91 | 546.26 | 587.17 | OK | |
r-release-macos-arm64 | 0.6.2 | 205.00 | NOTE | |||
r-release-macos-x86_64 | 0.6.2 | 293.00 | NOTE | |||
r-release-windows-x86_64 | 0.6.2 | 111.00 | 641.00 | 752.00 | NOTE | |
r-oldrel-macos-arm64 | 0.6.2 | 217.00 | NOTE | |||
r-oldrel-macos-x86_64 | 0.6.2 | 292.00 | NOTE | |||
r-oldrel-windows-ix86+x86_64 | 0.6.2 | 112.00 | 644.00 | 756.00 | NOTE |
Version: 0.6.2
Check: installed package size
Result: NOTE
installed size is 5.2Mb
sub-directories of 1Mb or more:
data 1.6Mb
extdata 1.7Mb
Flavors: r-devel-linux-x86_64-fedora-clang, r-devel-windows-x86_64, r-release-macos-arm64, r-release-macos-x86_64, r-release-windows-x86_64, r-oldrel-macos-arm64, r-oldrel-macos-x86_64, r-oldrel-windows-ix86+x86_64
Version: 0.6.2
Check: R code for possible problems
Result: NOTE
Initiating curl with CURL_SSL_BACKEND: openssl
Flavor: r-oldrel-windows-ix86+x86_64