CRAN Package Check Results for Package billboard

Last updated on 2022-12-05 09:51:13 CET.

Flavor Version Tinstall Tcheck Ttotal Status Flags
r-devel-linux-x86_64-debian-clang 0.1.0 2.76 24.32 27.08 OK
r-devel-linux-x86_64-debian-gcc 0.1.0 2.76 19.10 21.86 OK
r-devel-linux-x86_64-fedora-clang 0.1.0 49.77 NOTE
r-devel-linux-x86_64-fedora-gcc 0.1.0 45.38 NOTE
r-devel-windows-x86_64 0.1.0 13.00 55.00 68.00 OK
r-patched-linux-x86_64 0.1.0 4.36 23.30 27.66 OK
r-release-linux-x86_64 0.1.0 3.52 23.55 27.07 OK
r-release-macos-arm64 0.1.0 17.00 NOTE
r-release-macos-x86_64 0.1.0 25.00 NOTE
r-release-windows-x86_64 0.1.0 12.00 53.00 65.00 OK
r-oldrel-macos-arm64 0.1.0 22.00 NOTE
r-oldrel-macos-x86_64 0.1.0 30.00 NOTE
r-oldrel-windows-ix86+x86_64 0.1.0 8.00 46.00 54.00 OK

Check Details

Version: 0.1.0
Check: dependencies in R code
Result: NOTE
    Namespace in Imports field not imported from: ‘tibble’
     All declared Imports should be used.
Flavors: r-devel-linux-x86_64-fedora-clang, r-devel-linux-x86_64-fedora-gcc, r-release-macos-arm64, r-release-macos-x86_64, r-oldrel-macos-arm64, r-oldrel-macos-x86_64

Version: 0.1.0
Check: data for non-ASCII characters
Result: NOTE
     Note: found 660 marked UTF-8 strings
Flavors: r-devel-linux-x86_64-fedora-clang, r-devel-linux-x86_64-fedora-gcc, r-release-macos-arm64, r-release-macos-x86_64, r-oldrel-macos-arm64, r-oldrel-macos-x86_64