Last updated on 2023-05-28 10:00:38 CEST.
Flavor | Version | Tinstall | Tcheck | Ttotal | Status | Flags |
---|---|---|---|---|---|---|
r-devel-linux-x86_64-debian-clang | 4.6.1 | 81.49 | 48.83 | 130.32 | OK | |
r-devel-linux-x86_64-debian-gcc | 4.6.1 | 73.19 | 38.57 | 111.76 | OK | |
r-devel-linux-x86_64-fedora-clang | 4.6.1 | 191.92 | OK | |||
r-devel-linux-x86_64-fedora-gcc | 4.6.1 | 208.36 | OK | |||
r-devel-windows-x86_64 | 4.6.1 | 87.00 | 85.00 | 172.00 | OK | |
r-patched-linux-x86_64 | 4.6.1 | 76.52 | 46.43 | 122.95 | OK | |
r-release-linux-x86_64 | 4.6.1 | 77.75 | 46.97 | 124.72 | OK | |
r-release-macos-arm64 | 4.6.1 | 54.00 | NOTE | |||
r-release-macos-x86_64 | 4.6.1 | 91.00 | NOTE | |||
r-release-windows-x86_64 | 4.6.1 | 81.00 | 99.00 | 180.00 | OK | |
r-oldrel-macos-arm64 | 4.6.1 | 52.00 | NOTE | |||
r-oldrel-macos-x86_64 | 4.6.1 | 78.00 | NOTE | |||
r-oldrel-windows-x86_64 | 4.6.1 | 91.00 | 93.00 | 184.00 | OK |
Version: 4.6.1
Check: installed package size
Result: NOTE
installed size is 7.4Mb
sub-directories of 1Mb or more:
libs 7.0Mb
Flavors: r-release-macos-arm64, r-release-macos-x86_64, r-oldrel-macos-arm64, r-oldrel-macos-x86_64