CRAN Package Check Results for Package beginr

Last updated on 2022-07-04 10:52:07 CEST.

Flavor Version Tinstall Tcheck Ttotal Status Flags
r-devel-linux-x86_64-debian-clang 0.1.7 3.23 27.10 30.33 NOTE
r-devel-linux-x86_64-debian-gcc 0.1.7 2.57 20.48 23.05 NOTE
r-devel-linux-x86_64-fedora-clang 0.1.7 46.52 NOTE
r-devel-linux-x86_64-fedora-gcc 0.1.7 46.17 NOTE
r-devel-windows-x86_64 0.1.7 16.00 53.00 69.00 OK
r-patched-linux-x86_64 0.1.7 3.29 26.13 29.42 NOTE
r-release-linux-x86_64 0.1.7 2.92 25.91 28.83 NOTE
r-release-macos-arm64 0.1.7 16.00 OK
r-release-macos-x86_64 0.1.7 24.00 OK
r-release-windows-x86_64 0.1.7 14.00 52.00 66.00 OK
r-oldrel-macos-arm64 0.1.7 21.00 OK
r-oldrel-macos-x86_64 0.1.7 27.00 OK
r-oldrel-windows-ix86+x86_64 0.1.7 6.00 46.00 52.00 OK

Check Details

Version: 0.1.7
Check: for non-standard things in the check directory
Result: NOTE
    Found the following files/directories:
     'alist.txt' 'rpkg'
Flavors: r-devel-linux-x86_64-debian-clang, r-devel-linux-x86_64-debian-gcc, r-devel-linux-x86_64-fedora-clang, r-devel-linux-x86_64-fedora-gcc, r-patched-linux-x86_64, r-release-linux-x86_64