Last updated on 2023-03-21 10:52:08 CET.
Flavor | Version | Tinstall | Tcheck | Ttotal | Status | Flags |
---|---|---|---|---|---|---|
r-devel-linux-x86_64-debian-clang | 2.4 | 721.89 | 257.65 | 979.54 | NOTE | |
r-devel-linux-x86_64-debian-gcc | 2.4 | 681.22 | 226.43 | 907.65 | NOTE | |
r-devel-linux-x86_64-fedora-clang | 2.4 | 1253.18 | NOTE | |||
r-devel-linux-x86_64-fedora-gcc | 2.4 | 1539.23 | NOTE | |||
r-devel-windows-x86_64 | 2.4 | 881.00 | 363.00 | 1244.00 | NOTE | |
r-patched-linux-x86_64 | 2.4 | 538.96 | 276.11 | 815.07 | NOTE | |
r-release-linux-x86_64 | 2.4 | 559.25 | 272.92 | 832.17 | NOTE | |
r-release-macos-arm64 | 2.4 | 346.00 | NOTE | |||
r-release-macos-x86_64 | 2.4 | 606.00 | NOTE | |||
r-release-windows-x86_64 | 2.4 | 484.00 | 339.00 | 823.00 | NOTE | |
r-oldrel-macos-arm64 | 2.4 | 417.00 | NOTE | |||
r-oldrel-macos-x86_64 | 2.4 | 771.00 | NOTE | |||
r-oldrel-windows-ix86+x86_64 | 2.4 | 1737.00 | 448.00 | 2185.00 | NOTE |
Version: 2.4
Check: C++ specification
Result: NOTE
Specified C++14: please drop specification unless essential
Flavors: r-devel-linux-x86_64-debian-clang, r-devel-linux-x86_64-debian-gcc, r-devel-linux-x86_64-fedora-clang, r-devel-linux-x86_64-fedora-gcc, r-devel-windows-x86_64
Version: 2.4
Check: for GNU extensions in Makefiles
Result: NOTE
GNU make is a SystemRequirements.
Flavors: r-devel-linux-x86_64-debian-clang, r-devel-linux-x86_64-debian-gcc, r-devel-linux-x86_64-fedora-clang, r-devel-linux-x86_64-fedora-gcc, r-devel-windows-x86_64, r-patched-linux-x86_64, r-release-linux-x86_64, r-release-macos-arm64, r-release-macos-x86_64, r-release-windows-x86_64, r-oldrel-macos-arm64, r-oldrel-macos-x86_64, r-oldrel-windows-ix86+x86_64
Version: 2.4
Check: installed package size
Result: NOTE
installed size is 8.4Mb
sub-directories of 1Mb or more:
libs 6.8Mb
Flavors: r-devel-linux-x86_64-fedora-clang, r-devel-windows-x86_64, r-release-macos-arm64, r-release-macos-x86_64, r-release-windows-x86_64, r-oldrel-macos-arm64, r-oldrel-macos-x86_64, r-oldrel-windows-ix86+x86_64
Version: 2.4
Check: dependencies in R code
Result: NOTE
Namespace in Imports field not imported from: ‘rstantools’
All declared Imports should be used.
Flavors: r-devel-linux-x86_64-fedora-clang, r-devel-linux-x86_64-fedora-gcc, r-release-macos-arm64, r-release-macos-x86_64, r-oldrel-macos-arm64, r-oldrel-macos-x86_64