Last updated on 2022-05-22 09:52:11 CEST.
Flavor | Version | Tinstall | Tcheck | Ttotal | Status | Flags |
---|---|---|---|---|---|---|
r-devel-linux-x86_64-debian-clang | 1.0.6 | 7.83 | 86.19 | 94.02 | OK | |
r-devel-linux-x86_64-debian-gcc | 1.0.6 | 7.19 | 62.45 | 69.64 | OK | |
r-devel-linux-x86_64-fedora-clang | 1.0.6 | 112.47 | NOTE | |||
r-devel-linux-x86_64-fedora-gcc | 1.0.6 | 110.80 | NOTE | |||
r-devel-windows-x86_64 | 1.0.6 | 13.00 | 98.00 | 111.00 | OK | |
r-patched-linux-x86_64 | 1.0.6 | 7.29 | 77.91 | 85.20 | OK | |
r-release-linux-x86_64 | 1.0.6 | 6.52 | 79.44 | 85.96 | OK | |
r-release-macos-arm64 | 1.0.6 | 30.00 | NOTE | |||
r-release-macos-x86_64 | 1.0.6 | 58.00 | NOTE | |||
r-release-windows-x86_64 | 1.0.6 | 18.00 | 101.00 | 119.00 | OK | |
r-oldrel-macos-arm64 | 1.0.6 | 34.00 | NOTE | |||
r-oldrel-macos-x86_64 | 1.0.6 | 57.00 | NOTE | |||
r-oldrel-windows-ix86+x86_64 | 1.0.6 | 22.00 | 98.00 | 120.00 | OK |
Version: 1.0.6
Check: package dependencies
Result: NOTE
Imports includes 22 non-default packages.
Importing from so many packages makes the package vulnerable to any of
them becoming unavailable. Move as many as possible to Suggests and
use conditionally.
Flavor: r-devel-linux-x86_64-fedora-clang
Version: 1.0.6
Check: dependencies in R code
Result: NOTE
Namespaces in Imports field not imported from:
‘Rcpp’ ‘chron’ ‘colorspace’ ‘gtable’ ‘htmltools’ ‘htmlwidgets’
‘httpuv’ ‘magrittr’ ‘munsell’ ‘plyr’ ‘scales’ ‘stringi’ ‘xtable’
‘yaml’
All declared Imports should be used.
Flavors: r-devel-linux-x86_64-fedora-clang, r-devel-linux-x86_64-fedora-gcc, r-release-macos-arm64, r-release-macos-x86_64, r-oldrel-macos-arm64, r-oldrel-macos-x86_64