CRAN Package Check Results for Package bdclean

Last updated on 2022-12-06 09:52:17 CET.

Flavor Version Tinstall Tcheck Ttotal Status Flags
r-devel-linux-x86_64-debian-clang 0.1.15 13.92 106.79 120.71 NOTE
r-devel-linux-x86_64-debian-gcc 0.1.15 10.39 79.11 89.50 NOTE
r-devel-linux-x86_64-fedora-clang 0.1.15 163.51 NOTE
r-devel-linux-x86_64-fedora-gcc 0.1.15 150.42 NOTE
r-devel-windows-x86_64 0.1.15 30.00 127.00 157.00 NOTE
r-patched-linux-x86_64 0.1.15 11.53 99.21 110.74 NOTE
r-release-linux-x86_64 0.1.15 11.76 99.97 111.73 NOTE
r-release-macos-arm64 0.1.15 41.00 NOTE
r-release-macos-x86_64 0.1.15 68.00 NOTE
r-release-windows-x86_64 0.1.15 31.00 130.00 161.00 NOTE
r-oldrel-macos-arm64 0.1.15 51.00 NOTE
r-oldrel-macos-x86_64 0.1.15 78.00 NOTE
r-oldrel-windows-ix86+x86_64 0.1.15 42.00 137.00 179.00 NOTE

Check Details

Version: 0.1.15
Check: LazyData
Result: NOTE
     'LazyData' is specified without a 'data' directory
Flavors: r-devel-linux-x86_64-debian-clang, r-devel-linux-x86_64-debian-gcc, r-devel-linux-x86_64-fedora-clang, r-devel-linux-x86_64-fedora-gcc, r-devel-windows-x86_64, r-patched-linux-x86_64, r-release-linux-x86_64, r-release-macos-arm64, r-release-macos-x86_64, r-release-windows-x86_64, r-oldrel-macos-arm64, r-oldrel-macos-x86_64, r-oldrel-windows-ix86+x86_64

Version: 0.1.15
Check: dependencies in R code
Result: NOTE
    Namespace in Imports field not imported from: ‘DT’
     All declared Imports should be used.
Flavors: r-devel-linux-x86_64-fedora-clang, r-devel-linux-x86_64-fedora-gcc, r-release-macos-arm64, r-release-macos-x86_64, r-oldrel-macos-arm64, r-oldrel-macos-x86_64