Last updated on 2023-01-29 11:07:28 CET.
Flavor | Version | Tinstall | Tcheck | Ttotal | Status | Flags |
---|---|---|---|---|---|---|
r-devel-linux-x86_64-debian-clang | 0.1.15 | 5.45 | 49.25 | 54.70 | NOTE | |
r-devel-linux-x86_64-debian-gcc | 0.1.15 | 5.22 | 37.85 | 43.07 | NOTE | |
r-devel-linux-x86_64-fedora-clang | 0.1.15 | 75.73 | NOTE | |||
r-devel-linux-x86_64-fedora-gcc | 0.1.15 | 65.85 | NOTE | |||
r-devel-windows-x86_64 | 0.1.15 | 16.00 | 80.00 | 96.00 | NOTE | |
r-patched-linux-x86_64 | 0.1.15 | 5.61 | 50.20 | 55.81 | NOTE | |
r-release-linux-x86_64 | 0.1.15 | 5.33 | 49.82 | 55.15 | NOTE | |
r-release-macos-arm64 | 0.1.15 | 20.00 | NOTE | |||
r-release-macos-x86_64 | 0.1.15 | 43.00 | NOTE | |||
r-release-windows-x86_64 | 0.1.15 | 13.00 | 81.00 | 94.00 | NOTE | |
r-oldrel-macos-arm64 | 0.1.15 | 31.00 | NOTE | |||
r-oldrel-macos-x86_64 | 0.1.15 | 42.00 | NOTE | |||
r-oldrel-windows-ix86+x86_64 | 0.1.15 | 17.00 | 88.00 | 105.00 | NOTE |
Version: 0.1.15
Check: LazyData
Result: NOTE
'LazyData' is specified without a 'data' directory
Flavors: r-devel-linux-x86_64-debian-clang, r-devel-linux-x86_64-debian-gcc, r-devel-linux-x86_64-fedora-clang, r-devel-linux-x86_64-fedora-gcc, r-devel-windows-x86_64, r-patched-linux-x86_64, r-release-linux-x86_64, r-release-macos-arm64, r-release-macos-x86_64, r-release-windows-x86_64, r-oldrel-macos-arm64, r-oldrel-macos-x86_64, r-oldrel-windows-ix86+x86_64