Last updated on 2023-06-01 10:58:13 CEST.
Flavor | Version | Tinstall | Tcheck | Ttotal | Status | Flags |
---|---|---|---|---|---|---|
r-devel-linux-x86_64-debian-clang | 0.5.4 | 8.38 | 63.58 | 71.96 | OK | |
r-devel-linux-x86_64-debian-gcc | 0.5.4 | 6.95 | 47.59 | 54.54 | OK | |
r-devel-linux-x86_64-fedora-clang | 0.5.4 | 91.58 | NOTE | |||
r-devel-linux-x86_64-fedora-gcc | 0.5.4 | 84.73 | NOTE | |||
r-devel-windows-x86_64 | 0.5.4 | 9.00 | 65.00 | 74.00 | NOTE | |
r-patched-linux-x86_64 | 0.5.4 | OK | ||||
r-release-linux-x86_64 | 0.5.4 | 8.99 | 60.34 | 69.33 | OK | |
r-release-macos-arm64 | 0.5.4 | 30.00 | NOTE | |||
r-release-macos-x86_64 | 0.5.4 | 42.00 | NOTE | |||
r-release-windows-x86_64 | 0.5.4 | 11.00 | 74.00 | 85.00 | NOTE | |
r-oldrel-macos-arm64 | 0.5.4 | 28.00 | NOTE | |||
r-oldrel-macos-x86_64 | 0.5.4 | 55.00 | NOTE | |||
r-oldrel-windows-x86_64 | 0.5.4 | 12.00 | 75.00 | 87.00 | NOTE |
Version: 0.5.4
Check: dependencies in R code
Result: NOTE
Namespaces in Imports field not imported from:
‘knitr’ ‘rlang’
All declared Imports should be used.
Flavors: r-devel-linux-x86_64-fedora-clang, r-devel-linux-x86_64-fedora-gcc, r-oldrel-macos-arm64, r-oldrel-macos-x86_64
Version: 0.5.4
Check: package dependencies
Result: NOTE
Package suggested but not available for checking: 'BRugs'
Flavors: r-devel-windows-x86_64, r-release-macos-arm64, r-release-macos-x86_64, r-release-windows-x86_64, r-oldrel-macos-arm64, r-oldrel-windows-x86_64
Version: 0.5.4
Check: package dependencies
Result: NOTE
Packages suggested but not available for checking: 'BRugs', 'rjags'
Flavor: r-oldrel-macos-x86_64