Last updated on 2023-03-24 10:54:01 CET.
Flavor | Version | Tinstall | Tcheck | Ttotal | Status | Flags |
---|---|---|---|---|---|---|
r-devel-linux-x86_64-debian-clang | 1.3.1 | 91.67 | 28.31 | 119.98 | NOTE | |
r-devel-linux-x86_64-debian-gcc | 1.3.1 | 69.46 | 22.42 | 91.88 | NOTE | |
r-devel-linux-x86_64-fedora-clang | 1.3.1 | 192.20 | WARN | |||
r-devel-linux-x86_64-fedora-gcc | 1.3.1 | 157.23 | NOTE | |||
r-devel-windows-x86_64 | 1.3.1 | 73.00 | 76.00 | 149.00 | NOTE | |
r-patched-linux-x86_64 | 1.3.1 | 79.28 | 27.80 | 107.08 | OK | |
r-release-linux-x86_64 | 1.3.1 | 71.74 | 27.63 | 99.37 | OK | |
r-release-macos-arm64 | 1.3.1 | 42.00 | OK | |||
r-release-macos-x86_64 | 1.3.1 | 57.00 | OK | |||
r-release-windows-x86_64 | 1.3.1 | 75.00 | 86.00 | 161.00 | OK | |
r-oldrel-macos-arm64 | 1.3.1 | 40.00 | OK | |||
r-oldrel-macos-x86_64 | 1.3.1 | 57.00 | OK | |||
r-oldrel-windows-ix86+x86_64 | 1.3.1 | 226.00 | 79.00 | 305.00 | OK |
Version: 1.3.1
Check: C++ specification
Result: NOTE
Specified C++11: please drop specification unless essential
Flavors: r-devel-linux-x86_64-debian-clang, r-devel-linux-x86_64-debian-gcc, r-devel-linux-x86_64-fedora-clang, r-devel-linux-x86_64-fedora-gcc, r-devel-windows-x86_64
Version: 1.3.1
Check: whether package can be installed
Result: WARN
Found the following significant warnings:
funs.cpp:927:40: warning: variable 'b' is uninitialized when used here [-Wuninitialized]
See ‘/data/gannet/ripley/R/packages/tests-clang/bcf.Rcheck/00install.out’ for details.
* used C++ compiler: ‘clang version 16.0.0’
Flavor: r-devel-linux-x86_64-fedora-clang