Last updated on 2023-06-04 09:57:22 CEST.
Flavor | Version | Tinstall | Tcheck | Ttotal | Status | Flags |
---|---|---|---|---|---|---|
r-devel-linux-x86_64-debian-clang | 1.2.0 | 748.79 | 310.56 | 1059.35 | NOTE | |
r-devel-linux-x86_64-debian-gcc | 1.2.0 | 531.35 | 257.88 | 789.23 | NOTE | |
r-devel-linux-x86_64-fedora-clang | 1.2.0 | 1122.00 | NOTE | |||
r-devel-linux-x86_64-fedora-gcc | 1.2.0 | 1421.49 | NOTE | |||
r-devel-windows-x86_64 | 1.2.0 | 411.00 | 273.00 | 684.00 | NOTE | |
r-patched-linux-x86_64 | 1.2.0 | 429.60 | 335.78 | 765.38 | NOTE | |
r-release-linux-x86_64 | 1.2.0 | 528.01 | 325.38 | 853.39 | NOTE | |
r-release-macos-arm64 | 1.2.0 | 323.00 | NOTE | |||
r-release-macos-x86_64 | 1.2.0 | 544.00 | NOTE | |||
r-release-windows-x86_64 | 1.2.0 | 572.00 | 360.00 | 932.00 | NOTE | |
r-oldrel-macos-arm64 | 1.2.0 | 275.00 | NOTE | |||
r-oldrel-macos-x86_64 | 1.2.0 | 277.00 | NOTE | |||
r-oldrel-windows-x86_64 | 1.2.0 | 525.00 | 342.00 | 867.00 | NOTE |
Version: 1.2.0
Check: for GNU extensions in Makefiles
Result: NOTE
GNU make is a SystemRequirements.
Flavors: r-devel-linux-x86_64-debian-clang, r-devel-linux-x86_64-debian-gcc, r-devel-linux-x86_64-fedora-clang, r-devel-linux-x86_64-fedora-gcc, r-devel-windows-x86_64, r-patched-linux-x86_64, r-release-linux-x86_64, r-release-macos-arm64, r-release-macos-x86_64, r-release-windows-x86_64, r-oldrel-macos-arm64, r-oldrel-windows-x86_64
Version: 1.2.0
Check: installed package size
Result: NOTE
installed size is 7.9Mb
sub-directories of 1Mb or more:
doc 1.0Mb
libs 6.4Mb
Flavors: r-devel-linux-x86_64-fedora-clang, r-devel-windows-x86_64, r-release-macos-arm64, r-release-macos-x86_64, r-release-windows-x86_64, r-oldrel-macos-arm64, r-oldrel-macos-x86_64, r-oldrel-windows-x86_64
Version: 1.2.0
Check: dependencies in R code
Result: NOTE
Namespaces in Imports field not imported from:
‘RcppParallel’ ‘rstantools’
All declared Imports should be used.
Flavors: r-devel-linux-x86_64-fedora-clang, r-devel-linux-x86_64-fedora-gcc, r-oldrel-macos-arm64