CRAN Package Check Results for Package bayesTFR

Last updated on 2022-01-20 10:52:22 CET.

Flavor Version Tinstall Tcheck Ttotal Status Flags
r-devel-linux-x86_64-debian-clang 7.1-1 OK
r-devel-linux-x86_64-debian-gcc 7.1-1 14.16 88.35 102.51 OK
r-devel-linux-x86_64-fedora-clang 7.1-1 166.51 NOTE
r-devel-linux-x86_64-fedora-gcc 7.1-1 153.89 OK
r-devel-windows-x86_64-new-UL 7.1-1 3038.00 196.00 3234.00 OK
r-devel-windows-x86_64-new-TK 7.1-1 OK
r-patched-linux-x86_64 7.1-1 16.67 114.11 130.78 OK
r-release-linux-x86_64 7.1-1 16.51 116.06 132.57 OK
r-release-macos-arm64 7.1-1 NOTE
r-release-macos-x86_64 7.1-1 NOTE
r-release-windows-ix86+x86_64 7.1-1 37.00 156.00 193.00 OK
r-oldrel-macos-x86_64 7.1-1 NOTE
r-oldrel-windows-ix86+x86_64 7.1-1 36.00 157.00 193.00 OK

Check Details

Version: 7.1-1
Check: installed package size
Result: NOTE
     installed size is 5.8Mb
     sub-directories of 1Mb or more:
     ex-data 4.7Mb
Flavors: r-devel-linux-x86_64-fedora-clang, r-release-macos-arm64, r-release-macos-x86_64, r-oldrel-macos-x86_64