CRAN Package Check Results for Package bayesQR

Last updated on 2022-11-29 09:52:09 CET.

Flavor Version Tinstall Tcheck Ttotal Status Flags
r-devel-linux-x86_64-debian-clang 2.3 5.93 34.01 39.94 OK
r-devel-linux-x86_64-debian-gcc 2.3 4.48 26.52 31.00 OK
r-devel-linux-x86_64-fedora-clang 2.3 61.74 NOTE
r-devel-linux-x86_64-fedora-gcc 2.3 59.16 NOTE
r-devel-windows-x86_64 2.3 22.00 70.00 92.00 OK
r-patched-linux-x86_64 2.3 5.22 33.52 38.74 OK
r-release-linux-x86_64 2.3 4.95 34.14 39.09 OK
r-release-macos-arm64 2.3 24.00 OK
r-release-macos-x86_64 2.3 32.00 OK
r-release-windows-x86_64 2.3 12.00 65.00 77.00 OK
r-oldrel-macos-arm64 2.3 60.00 OK
r-oldrel-macos-x86_64 2.3 80.00 OK
r-oldrel-windows-ix86+x86_64 2.3 13.00 68.00 81.00 OK

Check Details

Version: 2.3
Check: compiled code
Result: NOTE
    File ‘bayesQR/libs/bayesQR.so’:
     Found no calls to: ‘R_registerRoutines’, ‘R_useDynamicSymbols’
    
    It is good practice to register native routines and to disable symbol
    search.
    
    See ‘Writing portable packages’ in the ‘Writing R Extensions’ manual.
Flavors: r-devel-linux-x86_64-fedora-clang, r-devel-linux-x86_64-fedora-gcc