Last updated on 2023-03-31 09:54:02 CEST.
Flavor | Version | Tinstall | Tcheck | Ttotal | Status | Flags |
---|---|---|---|---|---|---|
r-devel-linux-x86_64-debian-clang | 0.3.1 | 86.60 | 59.70 | 146.30 | OK | |
r-devel-linux-x86_64-debian-gcc | 0.3.1 | 73.26 | 48.81 | 122.07 | OK | |
r-devel-linux-x86_64-fedora-clang | 0.3.1 | 221.71 | OK | |||
r-devel-linux-x86_64-fedora-gcc | 0.3.1 | 228.73 | OK | |||
r-devel-windows-x86_64 | 0.3.1 | 92.00 | 118.00 | 210.00 | OK | |
r-patched-linux-x86_64 | 0.3.1 | 75.04 | 60.95 | 135.99 | OK | |
r-release-linux-x86_64 | 0.3.1 | 67.88 | 62.59 | 130.47 | OK | |
r-release-macos-arm64 | 0.3.1 | 66.00 | NOTE | |||
r-release-macos-x86_64 | 0.3.1 | 79.00 | NOTE | |||
r-release-windows-x86_64 | 0.3.1 | 86.00 | 120.00 | 206.00 | OK | |
r-oldrel-macos-arm64 | 0.3.1 | 57.00 | NOTE | |||
r-oldrel-macos-x86_64 | 0.3.1 | 94.00 | NOTE | |||
r-oldrel-windows-ix86+x86_64 | 0.3.1 | 210.00 | 124.00 | 334.00 | OK |
Version: 0.3.1
Check: installed package size
Result: NOTE
installed size is 10.5Mb
sub-directories of 1Mb or more:
libs 9.9Mb
Flavors: r-release-macos-arm64, r-release-macos-x86_64, r-oldrel-macos-arm64, r-oldrel-macos-x86_64