Last updated on 2023-02-05 09:57:10 CET.
Flavor | Version | Tinstall | Tcheck | Ttotal | Status | Flags |
---|---|---|---|---|---|---|
r-devel-linux-x86_64-debian-clang | 0.6-1 | 85.01 | 108.31 | 193.32 | OK | |
r-devel-linux-x86_64-debian-gcc | 0.6-1 | 65.80 | 87.52 | 153.32 | OK | |
r-devel-linux-x86_64-fedora-clang | 0.6-1 | 255.57 | OK | |||
r-devel-linux-x86_64-fedora-gcc | 0.6-1 | 266.28 | OK | |||
r-devel-windows-x86_64 | 0.6-1 | 103.00 | 196.00 | 299.00 | OK | |
r-patched-linux-x86_64 | 0.6-1 | 75.33 | 113.16 | 188.49 | OK | |
r-release-linux-x86_64 | 0.6-1 | 63.09 | 106.97 | 170.06 | OK | |
r-release-macos-arm64 | 0.6-1 | 68.00 | NOTE | |||
r-release-macos-x86_64 | 0.6-1 | 90.00 | NOTE | |||
r-release-windows-x86_64 | 0.6-1 | 100.00 | 205.00 | 305.00 | OK | |
r-oldrel-macos-arm64 | 0.6-1 | 71.00 | NOTE | |||
r-oldrel-macos-x86_64 | 0.6-1 | 146.00 | NOTE | |||
r-oldrel-windows-ix86+x86_64 | 0.6-1 | 190.00 | 206.00 | 396.00 | NOTE |
Version: 0.6-1
Check: installed package size
Result: NOTE
installed size is 7.9Mb
sub-directories of 1Mb or more:
data 2.7Mb
libs 4.4Mb
Flavors: r-release-macos-arm64, r-release-macos-x86_64, r-oldrel-macos-arm64, r-oldrel-macos-x86_64, r-oldrel-windows-ix86+x86_64
Version: 0.6-1
Check: package dependencies
Result: NOTE
Package suggested but not available for checking: ‘PottsUtils’
Flavors: r-release-macos-x86_64, r-oldrel-macos-arm64