Last updated on 2023-06-01 10:58:12 CEST.
Flavor | Version | Tinstall | Tcheck | Ttotal | Status | Flags |
---|---|---|---|---|---|---|
r-devel-linux-x86_64-debian-clang | 1.2.11 | 561.58 | 312.65 | 874.23 | NOTE | |
r-devel-linux-x86_64-debian-gcc | 1.2.11 | 526.58 | 272.30 | 798.88 | NOTE | |
r-devel-linux-x86_64-fedora-clang | 1.2.11 | 1126.20 | NOTE | |||
r-devel-linux-x86_64-fedora-gcc | 1.2.11 | 1187.91 | NOTE | |||
r-devel-windows-x86_64 | 1.2.11 | 430.00 | 343.00 | 773.00 | NOTE | |
r-patched-linux-x86_64 | 1.2.11 | NOTE | ||||
r-release-linux-x86_64 | 1.2.11 | 431.60 | 344.96 | 776.56 | NOTE | |
r-release-macos-arm64 | 1.2.11 | 361.00 | NOTE | |||
r-release-macos-x86_64 | 1.2.11 | 570.00 | NOTE | |||
r-release-windows-x86_64 | 1.2.11 | 578.00 | 429.00 | 1007.00 | NOTE | |
r-oldrel-macos-arm64 | 1.2.11 | 249.00 | NOTE | |||
r-oldrel-macos-x86_64 | 1.2.11 | 417.00 | NOTE | |||
r-oldrel-windows-x86_64 | 1.2.11 | 524.00 | 384.00 | 908.00 | NOTE |
Version: 1.2.11
Check: for GNU extensions in Makefiles
Result: NOTE
GNU make is a SystemRequirements.
Flavors: r-devel-linux-x86_64-debian-clang, r-devel-linux-x86_64-debian-gcc, r-devel-linux-x86_64-fedora-clang, r-devel-linux-x86_64-fedora-gcc, r-devel-windows-x86_64, r-patched-linux-x86_64, r-release-linux-x86_64, r-release-macos-arm64, r-release-macos-x86_64, r-release-windows-x86_64, r-oldrel-macos-arm64, r-oldrel-macos-x86_64, r-oldrel-windows-x86_64
Version: 1.2.11
Check: installed package size
Result: NOTE
installed size is 7.4Mb
sub-directories of 1Mb or more:
libs 5.4Mb
Flavors: r-devel-linux-x86_64-fedora-clang, r-devel-windows-x86_64, r-release-macos-arm64, r-release-macos-x86_64, r-release-windows-x86_64, r-oldrel-macos-arm64, r-oldrel-macos-x86_64, r-oldrel-windows-x86_64