CRAN Package Check Results for Package basictabler

Last updated on 2024-07-24 10:33:55 CEST.

Flavor Version Tinstall Tcheck Ttotal Status Flags
r-devel-linux-x86_64-debian-clang 1.0.2 23.52 145.66 169.18 NOTE
r-devel-linux-x86_64-debian-gcc 1.0.2 20.45 104.77 125.22 NOTE
r-devel-linux-x86_64-fedora-clang 1.0.2 220.34 NOTE
r-devel-linux-x86_64-fedora-gcc 1.0.2 220.32 NOTE
r-devel-windows-x86_64 1.0.2 21.00 134.00 155.00 NOTE
r-patched-linux-x86_64 1.0.2 23.79 139.55 163.34 NOTE
r-release-linux-x86_64 1.0.2 22.28 132.93 155.21 NOTE
r-release-macos-arm64 1.0.2 72.00 NOTE
r-release-macos-x86_64 1.0.2 111.00 NOTE
r-release-windows-x86_64 1.0.2 21.00 139.00 160.00 NOTE
r-oldrel-macos-arm64 1.0.2 73.00 NOTE
r-oldrel-macos-x86_64 1.0.2 109.00 NOTE
r-oldrel-windows-x86_64 1.0.2 28.00 158.00 186.00 NOTE

Check Details

Version: 1.0.2
Check: package subdirectories
Result: NOTE Problems with news in ‘NEWS.md’: Cannot extract version info from the following section titles: Earlier versions Flavors: r-devel-linux-x86_64-debian-clang, r-devel-linux-x86_64-debian-gcc, r-devel-linux-x86_64-fedora-clang, r-devel-linux-x86_64-fedora-gcc, r-devel-windows-x86_64, r-patched-linux-x86_64, r-release-linux-x86_64, r-release-macos-arm64, r-release-macos-x86_64, r-release-windows-x86_64, r-oldrel-macos-arm64, r-oldrel-macos-x86_64, r-oldrel-windows-x86_64

Version: 1.0.2
Check: Rd files
Result: NOTE checkRd: (-1) BasicTable.Rd:659: Lost braces; missing escapes or markup? 659 | `function(v, cell) { if(isTRUE(v>0.8)) return("green") }`.\cr | ^ checkRd: (-1) TableStyle.Rd:151: Lost braces; missing escapes or markup? 151 | The CSS style rule, e.g. { text-align: center; color: red; } | ^ checkRd: (-1) TableStyle.Rd:172: Lost braces; missing escapes or markup? 172 | The CSS style rule, e.g. cell { text-align: center; color: red; } | ^ checkRd: (-1) TableStyles.Rd:209: Lost braces; missing escapes or markup? 209 | The CSS style rule, e.g. { text-align: center; color: red; } | ^ checkRd: (-1) TableStyles.Rd:232: Lost braces; missing escapes or markup? 232 | The CSS style rule, e.g. cell { text-align: center; color: red; } | ^ Flavors: r-devel-linux-x86_64-debian-clang, r-devel-linux-x86_64-debian-gcc, r-devel-linux-x86_64-fedora-clang, r-devel-linux-x86_64-fedora-gcc, r-devel-windows-x86_64, r-patched-linux-x86_64, r-release-linux-x86_64, r-release-macos-arm64, r-release-macos-x86_64, r-release-windows-x86_64

Version: 1.0.2
Check: Rd cross-references
Result: NOTE Found the following Rd file(s) with Rd \link{} targets missing package anchors: BasicTable.Rd: R6Class FlexTableRenderer.Rd: R6Class FlexTableStyle.Rd: R6Class FlexTableStyles.Rd: R6Class TableCell.Rd: R6Class TableCellRanges.Rd: R6Class TableCells.Rd: R6Class TableHtmlRenderer.Rd: R6Class TableOpenXlsxRenderer.Rd: R6Class TableOpenXlsxStyle.Rd: R6Class TableOpenXlsxStyles.Rd: R6Class TableStyle.Rd: R6Class TableStyles.Rd: R6Class Please provide package anchors for all Rd \link{} targets not in the package itself and the base packages. Flavors: r-devel-linux-x86_64-debian-gcc, r-devel-windows-x86_64