Last updated on 2023-03-30 09:55:02 CEST.
Flavor | Version | Tinstall | Tcheck | Ttotal | Status | Flags |
---|---|---|---|---|---|---|
r-devel-linux-x86_64-debian-clang | 1.0.2 | 24.93 | 136.44 | 161.37 | NOTE | |
r-devel-linux-x86_64-debian-gcc | 1.0.2 | 20.35 | 101.01 | 121.36 | NOTE | |
r-devel-linux-x86_64-fedora-clang | 1.0.2 | 208.73 | NOTE | |||
r-devel-linux-x86_64-fedora-gcc | 1.0.2 | 211.21 | NOTE | |||
r-devel-windows-x86_64 | 1.0.2 | 91.00 | 193.00 | 284.00 | NOTE | |
r-patched-linux-x86_64 | 1.0.2 | 31.78 | 127.18 | 158.96 | NOTE | |
r-release-linux-x86_64 | 1.0.2 | 24.32 | 123.37 | 147.69 | OK | |
r-release-macos-arm64 | 1.0.2 | 54.00 | OK | |||
r-release-macos-x86_64 | 1.0.2 | 73.00 | OK | |||
r-release-windows-x86_64 | 1.0.2 | 82.00 | 185.00 | 267.00 | OK | |
r-oldrel-macos-arm64 | 1.0.2 | 405.00 | OK | |||
r-oldrel-macos-x86_64 | 1.0.2 | 89.00 | OK | |||
r-oldrel-windows-ix86+x86_64 | 1.0.2 | 39.00 | 167.00 | 206.00 | OK |
Version: 1.0.2
Check: package subdirectories
Result: NOTE
Problems with news in ‘NEWS.md’:
Cannot extract version info from the following section titles:
Earlier versions
Flavors: r-devel-linux-x86_64-debian-clang, r-devel-linux-x86_64-debian-gcc, r-devel-linux-x86_64-fedora-clang, r-devel-linux-x86_64-fedora-gcc, r-devel-windows-x86_64, r-patched-linux-x86_64