CRAN Package Check Results for Package bannerCommenter

Last updated on 2022-08-12 10:52:12 CEST.

Flavor Version Tinstall Tcheck Ttotal Status Flags
r-devel-linux-x86_64-debian-clang 1.0.0 1.98 28.97 30.95 NOTE
r-devel-linux-x86_64-debian-gcc 1.0.0 1.52 22.34 23.86 NOTE
r-devel-linux-x86_64-fedora-clang 1.0.0 48.11 NOTE
r-devel-linux-x86_64-fedora-gcc 1.0.0 46.36 NOTE
r-devel-windows-x86_64 1.0.0 58.00 71.00 129.00 NOTE
r-patched-linux-x86_64 1.0.0 2.18 27.92 30.10 NOTE
r-release-linux-x86_64 1.0.0 1.84 27.95 29.79 NOTE
r-release-macos-arm64 1.0.0 19.00 NOTE
r-release-macos-x86_64 1.0.0 29.00 NOTE
r-release-windows-x86_64 1.0.0 19.00 71.00 90.00 NOTE
r-oldrel-macos-arm64 1.0.0 22.00 NOTE
r-oldrel-macos-x86_64 1.0.0 31.00 NOTE
r-oldrel-windows-ix86+x86_64 1.0.0 5.00 53.00 58.00 NOTE

Check Details

Version: 1.0.0
Check: LazyData
Result: NOTE
     'LazyData' is specified without a 'data' directory
Flavors: r-devel-linux-x86_64-debian-clang, r-devel-linux-x86_64-debian-gcc, r-devel-linux-x86_64-fedora-clang, r-devel-linux-x86_64-fedora-gcc, r-devel-windows-x86_64, r-patched-linux-x86_64, r-release-linux-x86_64, r-release-macos-arm64, r-release-macos-x86_64, r-release-windows-x86_64, r-oldrel-macos-arm64, r-oldrel-macos-x86_64, r-oldrel-windows-ix86+x86_64