CRAN Package Check Results for Package backShift

Last updated on 2022-01-25 09:48:28 CET.

Flavor Version Tinstall Tcheck Ttotal Status Flags
r-devel-linux-x86_64-debian-clang 0.1.4.3 8.36 158.38 166.74 OK
r-devel-linux-x86_64-debian-gcc 0.1.4.3 6.19 123.38 129.57 OK
r-devel-linux-x86_64-fedora-clang 0.1.4.3 193.44 NOTE
r-devel-linux-x86_64-fedora-gcc 0.1.4.3 188.91 OK
r-devel-windows-x86_64-new-UL 0.1.4.3 54.00 187.00 241.00 OK
r-devel-windows-x86_64-new-TK 0.1.4.3 OK
r-patched-linux-x86_64 0.1.4.3 6.34 144.26 150.60 OK
r-release-linux-x86_64 0.1.4.3 5.81 144.76 150.57 OK
r-release-macos-arm64 0.1.4.3 NOTE
r-release-macos-x86_64 0.1.4.3 OK
r-release-windows-ix86+x86_64 0.1.4.3 23.00 262.00 285.00 OK
r-oldrel-macos-x86_64 0.1.4.3 OK
r-oldrel-windows-ix86+x86_64 0.1.4.3 22.00 264.00 286.00 OK

Check Details

Version: 0.1.4.3
Check: Rd cross-references
Result: NOTE
    Undeclared packages ‘InvariantCausalPrediction’, ‘CompareCausalNetworks’ in Rd xrefs
Flavor: r-devel-linux-x86_64-fedora-clang

Version: 0.1.4.3
Check: package dependencies
Result: NOTE
    Package suggested but not available for checking: ‘pcalg’
Flavor: r-release-macos-arm64

Version: 0.1.4.3
Check: Rd cross-references
Result: NOTE
    Package unavailable to check Rd xrefs: ‘pcalg’
Flavor: r-release-macos-arm64