Last updated on 2023-01-27 10:50:10 CET.
Flavor | Version | Tinstall | Tcheck | Ttotal | Status | Flags |
---|---|---|---|---|---|---|
r-devel-linux-x86_64-debian-clang | 1.4.0 | 27.33 | 63.76 | 91.09 | OK | |
r-devel-linux-x86_64-debian-gcc | 1.4.0 | 22.75 | 49.08 | 71.83 | NOTE | |
r-devel-linux-x86_64-fedora-clang | 1.4.0 | 131.15 | OK | |||
r-devel-linux-x86_64-fedora-gcc | 1.4.0 | 129.25 | NOTE | |||
r-devel-windows-x86_64 | 1.4.0 | 50.00 | 125.00 | 175.00 | OK | |
r-patched-linux-x86_64 | 1.4.0 | 28.03 | 60.04 | 88.07 | OK | |
r-release-linux-x86_64 | 1.4.0 | 19.09 | 56.72 | 75.81 | OK | |
r-release-macos-arm64 | 1.4.0 | 38.00 | OK | |||
r-release-macos-x86_64 | 1.4.0 | 61.00 | OK | |||
r-release-windows-x86_64 | 1.4.0 | 55.00 | 122.00 | 177.00 | OK | |
r-oldrel-macos-arm64 | 1.4.0 | 39.00 | OK | |||
r-oldrel-macos-x86_64 | 1.4.0 | 53.00 | OK | |||
r-oldrel-windows-ix86+x86_64 | 1.4.0 | 77.00 | 127.00 | 204.00 | OK |
Version: 1.4.0
Check: C++ specification
Result: NOTE
Specified C++11: please update to current default of C++17
Flavors: r-devel-linux-x86_64-debian-gcc, r-devel-linux-x86_64-fedora-gcc