Last updated on 2023-03-31 09:54:02 CEST.
Flavor | Version | Tinstall | Tcheck | Ttotal | Status | Flags |
---|---|---|---|---|---|---|
r-devel-linux-x86_64-debian-clang | 0.4.0 | 5.17 | 110.73 | 115.90 | OK | |
r-devel-linux-x86_64-debian-gcc | 0.4.0 | 4.27 | 78.21 | 82.48 | OK | |
r-devel-linux-x86_64-fedora-clang | 0.4.0 | 137.23 | NOTE | |||
r-devel-linux-x86_64-fedora-gcc | 0.4.0 | 141.93 | OK | |||
r-devel-windows-x86_64 | 0.4.0 | 123.00 | 188.00 | 311.00 | OK | |
r-patched-linux-x86_64 | 0.4.0 | 4.33 | 96.72 | 101.05 | OK | |
r-release-linux-x86_64 | 0.4.0 | 3.98 | 98.79 | 102.77 | OK | |
r-release-macos-arm64 | 0.4.0 | 48.00 | OK | |||
r-release-macos-x86_64 | 0.4.0 | 55.00 | OK | |||
r-release-windows-x86_64 | 0.4.0 | 104.00 | 172.00 | 276.00 | OK | |
r-oldrel-macos-arm64 | 0.4.0 | 52.00 | OK | |||
r-oldrel-macos-x86_64 | 0.4.0 | 61.00 | OK | |||
r-oldrel-windows-ix86+x86_64 | 0.4.0 | 14.00 | 135.00 | 149.00 | NOTE |
Version: 0.4.0
Check: package dependencies
Result: NOTE
Imports includes 31 non-default packages.
Importing from so many packages makes the package vulnerable to any of
them becoming unavailable. Move as many as possible to Suggests and
use conditionally.
Flavor: r-devel-linux-x86_64-fedora-clang
Version: 0.4.0
Check: dependencies in R code
Result: NOTE
Initiating curl with CURL_SSL_BACKEND: openssl
Flavor: r-oldrel-windows-ix86+x86_64