CRAN Package Check Results for Package autonewsmd

Last updated on 2024-07-18 10:51:03 CEST.

Flavor Version Tinstall Tcheck Ttotal Status Flags
r-devel-linux-x86_64-debian-clang 0.0.8 4.17 59.43 63.60 OK
r-devel-linux-x86_64-debian-gcc 0.0.8 3.03 43.69 46.72 OK
r-devel-linux-x86_64-fedora-clang 0.0.8 87.04 OK
r-devel-windows-x86_64 0.0.8 5.00 73.00 78.00 OK
r-patched-linux-x86_64 0.0.8 3.08 56.90 59.98 OK
r-release-linux-x86_64 0.0.8 3.99 55.25 59.24 OK
r-release-macos-arm64 0.0.8 31.00 ERROR
r-release-macos-x86_64 0.0.8 73.00 ERROR
r-release-windows-x86_64 0.0.8 4.00 72.00 76.00 OK
r-oldrel-macos-arm64 0.0.8 40.00 ERROR
r-oldrel-macos-x86_64 0.0.8 55.00 ERROR
r-oldrel-windows-x86_64 0.0.8 5.00 78.00 83.00 OK

Check Details

Version: 0.0.8
Check: tests
Result: ERROR Running ‘testthat.R’ [1s/3s] Running the tests in ‘tests/testthat.R’ failed. Last 13 lines of output: Error in `find_quarto()`: Quarto command-line tools path not found! Please make sure you have installed and added Quarto to your PATH or set the QUARTO_PATH environment variable. Backtrace: ▆ 1. └─an$write(force = TRUE) at test-autonewsmd.R:83:3 2. └─autonewsmd:::write_autonewsmd(self, private, force, con) 3. └─quarto::quarto_render(input = template_file, output_format = "md") 4. └─quarto:::find_quarto() 5. └─cli::cli_abort(quarto_not_found_msg) 6. └─rlang::abort(...) [ FAIL 1 | WARN 0 | SKIP 1 | PASS 7 ] Error: Test failures Execution halted Flavors: r-release-macos-arm64, r-oldrel-macos-arm64, r-oldrel-macos-x86_64

Version: 0.0.8
Check: tests
Result: ERROR Running ‘testthat.R’ [1s/5s] Running the tests in ‘tests/testthat.R’ failed. Last 13 lines of output: Error in `find_quarto()`: Quarto command-line tools path not found! Please make sure you have installed and added Quarto to your PATH or set the QUARTO_PATH environment variable. Backtrace: ▆ 1. └─an$write(force = TRUE) at test-autonewsmd.R:83:3 2. └─autonewsmd:::write_autonewsmd(self, private, force, con) 3. └─quarto::quarto_render(input = template_file, output_format = "md") 4. └─quarto:::find_quarto() 5. └─cli::cli_abort(quarto_not_found_msg) 6. └─rlang::abort(...) [ FAIL 1 | WARN 0 | SKIP 1 | PASS 7 ] Error: Test failures Execution halted Flavor: r-release-macos-x86_64

Version: 0.0.8
Check: running R code from vignettes
Result: ERROR Errors in running code in vignettes: when running code in ‘autonewsmd.Rmd’ ... > an$write(force = TRUE) When sourcing ‘autonewsmd.R’: Error: Quarto command-line tools path not found! Please make sure you have installed and added Quarto to your PATH or set the QUARTO_PATH environment variable. Execution halted ‘autonewsmd.Rmd’ using ‘UTF-8’... failed Flavors: r-oldrel-macos-arm64, r-oldrel-macos-x86_64