CRAN Package Check Results for Package automagic

Last updated on 2022-11-28 09:50:39 CET.

Flavor Version Tinstall Tcheck Ttotal Status Flags
r-devel-linux-x86_64-debian-clang 0.5.1 1.79 25.51 27.30 NOTE
r-devel-linux-x86_64-debian-gcc 0.5.1 1.55 19.78 21.33 NOTE
r-devel-linux-x86_64-fedora-clang 0.5.1 44.68 NOTE
r-devel-linux-x86_64-fedora-gcc 0.5.1 43.26 NOTE
r-devel-windows-x86_64 0.5.1 11.00 52.00 63.00 NOTE
r-patched-linux-x86_64 0.5.1 2.22 24.01 26.23 NOTE
r-release-linux-x86_64 0.5.1 2.26 24.32 26.58 NOTE
r-release-macos-arm64 0.5.1 14.00 NOTE
r-release-macos-x86_64 0.5.1 22.00 NOTE
r-release-windows-x86_64 0.5.1 11.00 55.00 66.00 NOTE
r-oldrel-macos-arm64 0.5.1 22.00 NOTE
r-oldrel-macos-x86_64 0.5.1 24.00 NOTE
r-oldrel-windows-ix86+x86_64 0.5.1 6.00 50.00 56.00 NOTE

Check Details

Version: 0.5.1
Check: LazyData
Result: NOTE
     'LazyData' is specified without a 'data' directory
Flavors: r-devel-linux-x86_64-debian-clang, r-devel-linux-x86_64-debian-gcc, r-devel-linux-x86_64-fedora-clang, r-devel-linux-x86_64-fedora-gcc, r-devel-windows-x86_64, r-patched-linux-x86_64, r-release-linux-x86_64, r-release-macos-arm64, r-release-macos-x86_64, r-release-windows-x86_64, r-oldrel-macos-arm64, r-oldrel-macos-x86_64, r-oldrel-windows-ix86+x86_64