CRAN Package Check Results for Package autoTS

Last updated on 2022-01-24 10:51:50 CET.

Flavor Version Tinstall Tcheck Ttotal Status Flags
r-devel-linux-x86_64-debian-clang 0.9.11 3.11 82.48 85.59 NOTE
r-devel-linux-x86_64-debian-gcc 0.9.11 2.22 62.39 64.61 NOTE
r-devel-linux-x86_64-fedora-clang 0.9.11 104.95 NOTE
r-devel-linux-x86_64-fedora-gcc 0.9.11 92.58 NOTE
r-devel-windows-x86_64-new-UL 0.9.11 24.00 105.00 129.00 NOTE
r-devel-windows-x86_64-new-TK 0.9.11 NOTE
r-patched-linux-x86_64 0.9.11 2.00 79.90 81.90 NOTE
r-release-linux-x86_64 0.9.11 0.51 11.20 11.71 ERROR
r-release-macos-arm64 0.9.11 NOTE
r-release-macos-x86_64 0.9.11 NOTE
r-release-windows-ix86+x86_64 0.9.11 9.00 96.00 105.00 NOTE
r-oldrel-macos-x86_64 0.9.11 NOTE
r-oldrel-windows-ix86+x86_64 0.9.11 8.00 96.00 104.00 OK

Check Details

Version: 0.9.11
Check: LazyData
Result: NOTE
     'LazyData' is specified without a 'data' directory
Flavors: r-devel-linux-x86_64-debian-clang, r-devel-linux-x86_64-debian-gcc, r-devel-linux-x86_64-fedora-clang, r-devel-linux-x86_64-fedora-gcc, r-devel-windows-x86_64-new-UL, r-devel-windows-x86_64-new-TK, r-patched-linux-x86_64, r-release-macos-arm64, r-release-macos-x86_64, r-release-windows-ix86+x86_64

Version: 0.9.11
Check: dependencies in R code
Result: NOTE
    Namespaces in Imports field not imported from:
     ‘plotly’ ‘shinycssloaders’
     All declared Imports should be used.
Flavors: r-devel-linux-x86_64-fedora-clang, r-devel-linux-x86_64-fedora-gcc, r-devel-windows-x86_64-new-TK, r-release-macos-arm64, r-release-macos-x86_64, r-oldrel-macos-x86_64

Version: 0.9.11
Check: package dependencies
Result: ERROR
    Package required but not available: ‘prophet’
    
    See section ‘The DESCRIPTION file’ in the ‘Writing R Extensions’
    manual.
Flavor: r-release-linux-x86_64