Last updated on 2023-03-20 09:49:20 CET.
Flavor | Version | Tinstall | Tcheck | Ttotal | Status | Flags |
---|---|---|---|---|---|---|
r-devel-linux-x86_64-debian-clang | 1.2.7 | OK | ||||
r-devel-linux-x86_64-debian-gcc | 1.2.7 | 11.37 | 198.15 | 209.52 | OK | |
r-devel-linux-x86_64-fedora-clang | 1.2.7 | 359.93 | OK | |||
r-devel-linux-x86_64-fedora-gcc | 1.2.7 | 352.17 | OK | |||
r-devel-windows-x86_64 | 1.2.7 | 37.00 | 458.00 | 495.00 | OK | |
r-patched-linux-x86_64 | 1.2.7 | 14.12 | 256.88 | 271.00 | OK | |
r-release-linux-x86_64 | 1.2.7 | 14.90 | 257.77 | 272.67 | OK | |
r-release-macos-arm64 | 1.2.7 | 121.00 | OK | |||
r-release-macos-x86_64 | 1.2.7 | 162.00 | OK | |||
r-release-windows-x86_64 | 1.2.7 | 30.00 | 471.00 | 501.00 | OK | |
r-oldrel-macos-arm64 | 1.2.7 | 158.00 | OK | |||
r-oldrel-macos-x86_64 | 1.2.7 | 162.00 | OK | |||
r-oldrel-windows-ix86+x86_64 | 1.2.7 | 44.00 | 471.00 | 515.00 | NOTE |
Version: 1.2.7
Check: R code for possible problems
Result: NOTE
Initiating curl with CURL_SSL_BACKEND: openssl
Flavor: r-oldrel-windows-ix86+x86_64