CRAN Package Check Results for Package audubon

Last updated on 2022-12-05 09:51:13 CET.

Flavor Version Tinstall Tcheck Ttotal Status Flags
r-devel-linux-x86_64-debian-clang 0.3.0 3.78 47.96 51.74 OK
r-devel-linux-x86_64-debian-gcc 0.3.0 2.77 36.58 39.35 OK
r-devel-linux-x86_64-fedora-clang 0.3.0 73.54 NOTE
r-devel-linux-x86_64-fedora-gcc 0.3.0 71.67 NOTE
r-devel-windows-x86_64 0.3.0 21.00 75.00 96.00 OK
r-patched-linux-x86_64 0.3.0 4.61 45.07 49.68 OK
r-release-linux-x86_64 0.3.0 3.79 46.17 49.96 OK
r-release-macos-arm64 0.3.0 23.00 NOTE
r-release-macos-x86_64 0.3.0 32.00 NOTE
r-release-windows-x86_64 0.3.0 18.00 78.00 96.00 OK
r-oldrel-macos-arm64 0.3.0 23.00 NOTE
r-oldrel-macos-x86_64 0.3.0 33.00 NOTE
r-oldrel-windows-ix86+x86_64 0.3.0 13.00 82.00 95.00 OK

Check Details

Version: 0.3.0
Check: data for non-ASCII characters
Result: NOTE
     Note: found 899 marked UTF-8 strings
Flavors: r-devel-linux-x86_64-fedora-clang, r-devel-linux-x86_64-fedora-gcc, r-release-macos-arm64, r-release-macos-x86_64, r-oldrel-macos-arm64, r-oldrel-macos-x86_64