CRAN Package Check Results for Package auditor

Last updated on 2022-01-28 10:53:06 CET.

Flavor Version Tinstall Tcheck Ttotal Status Flags
r-devel-linux-x86_64-debian-clang 1.3.3 11.70 251.29 262.99 OK
r-devel-linux-x86_64-debian-gcc 1.3.3 8.08 185.99 194.07 OK
r-devel-linux-x86_64-fedora-clang 1.3.3 288.57 NOTE
r-devel-linux-x86_64-fedora-gcc 1.3.3 296.73 OK
r-devel-windows-x86_64-new-UL 1.3.3 102.00 333.00 435.00 OK
r-devel-windows-x86_64-new-TK 1.3.3 OK
r-patched-linux-x86_64 1.3.3 9.74 224.09 233.83 OK
r-release-linux-x86_64 1.3.3 8.67 223.15 231.82 OK
r-release-macos-arm64 1.3.3 OK
r-release-macos-x86_64 1.3.3 OK
r-release-windows-ix86+x86_64 1.3.3 21.00 313.00 334.00 OK
r-oldrel-macos-x86_64 1.3.3 OK
r-oldrel-windows-ix86+x86_64 1.3.3 21.00 308.00 329.00 OK

Check Details

Version: 1.3.3
Check: Rd cross-references
Result: NOTE
    Undeclared package ‘gtable’ in Rd xrefs
Flavor: r-devel-linux-x86_64-fedora-clang