Last updated on 2022-05-27 10:53:41 CEST.
Flavor | Version | Tinstall | Tcheck | Ttotal | Status | Flags |
---|---|---|---|---|---|---|
r-devel-linux-x86_64-debian-clang | 1.0.0 | 22.33 | 81.69 | 104.02 | WARN | |
r-devel-linux-x86_64-debian-gcc | 1.0.0 | 21.74 | 63.07 | 84.81 | NOTE | |
r-devel-linux-x86_64-fedora-clang | 1.0.0 | 141.63 | WARN | |||
r-devel-linux-x86_64-fedora-gcc | 1.0.0 | 129.22 | NOTE | |||
r-devel-windows-x86_64 | 1.0.0 | 30.00 | 114.00 | 144.00 | NOTE | |
r-patched-linux-x86_64 | 1.0.0 | 16.85 | 79.59 | 96.44 | NOTE | |
r-release-linux-x86_64 | 1.0.0 | 21.32 | 79.64 | 100.96 | NOTE | |
r-release-macos-arm64 | 1.0.0 | 36.00 | NOTE | |||
r-release-macos-x86_64 | 1.0.0 | 54.00 | NOTE | |||
r-release-windows-x86_64 | 1.0.0 | 31.00 | 118.00 | 149.00 | NOTE | |
r-oldrel-macos-arm64 | 1.0.0 | 40.00 | NOTE | |||
r-oldrel-macos-x86_64 | 1.0.0 | 77.00 | NOTE | |||
r-oldrel-windows-ix86+x86_64 | 1.0.0 | 60.00 | 130.00 | 190.00 | NOTE |
Version: 1.0.0
Check: whether package can be installed
Result: WARN
Found the following significant warnings:
aricode.cpp:22:9: warning: use of bitwise '|' with boolean operands [-Wbitwise-instead-of-logical]
aricode.cpp:41:9: warning: use of bitwise '&' with boolean operands [-Wbitwise-instead-of-logical]
Flavors: r-devel-linux-x86_64-debian-clang, r-devel-linux-x86_64-fedora-clang
Version: 1.0.0
Check: LazyData
Result: NOTE
'LazyData' is specified without a 'data' directory
Flavors: r-devel-linux-x86_64-debian-clang, r-devel-linux-x86_64-debian-gcc, r-devel-linux-x86_64-fedora-clang, r-devel-linux-x86_64-fedora-gcc, r-devel-windows-x86_64, r-patched-linux-x86_64, r-release-linux-x86_64, r-release-macos-arm64, r-release-macos-x86_64, r-release-windows-x86_64, r-oldrel-macos-arm64, r-oldrel-macos-x86_64, r-oldrel-windows-ix86+x86_64