CRAN Package Check Results for Package arenar

Last updated on 2022-05-21 10:50:08 CEST.

Flavor Version Tinstall Tcheck Ttotal Status Flags
r-devel-linux-x86_64-debian-clang 0.2.0 4.86 111.17 116.03 NOTE
r-devel-linux-x86_64-debian-gcc 0.2.0 3.44 88.01 91.45 NOTE
r-devel-linux-x86_64-fedora-clang 0.2.0 134.12 NOTE
r-devel-linux-x86_64-fedora-gcc 0.2.0 129.51 NOTE
r-devel-windows-x86_64 0.2.0 24.00 145.00 169.00 NOTE
r-patched-linux-x86_64 0.2.0 3.74 105.11 108.85 NOTE
r-release-linux-x86_64 0.2.0 2.68 106.12 108.80 NOTE
r-release-macos-arm64 0.2.0 46.00 NOTE
r-release-macos-x86_64 0.2.0 90.00 NOTE
r-release-windows-x86_64 0.2.0 27.00 144.00 171.00 NOTE
r-oldrel-macos-arm64 0.2.0 51.00 NOTE
r-oldrel-macos-x86_64 0.2.0 87.00 NOTE
r-oldrel-windows-ix86+x86_64 0.2.0 10.00 121.00 131.00 NOTE

Check Details

Version: 0.2.0
Check: LazyData
Result: NOTE
     'LazyData' is specified without a 'data' directory
Flavors: r-devel-linux-x86_64-debian-clang, r-devel-linux-x86_64-debian-gcc, r-devel-linux-x86_64-fedora-clang, r-devel-linux-x86_64-fedora-gcc, r-devel-windows-x86_64, r-patched-linux-x86_64, r-release-linux-x86_64, r-release-macos-arm64, r-release-macos-x86_64, r-release-windows-x86_64, r-oldrel-macos-arm64, r-oldrel-macos-x86_64, r-oldrel-windows-ix86+x86_64