Last updated on 2022-05-25 10:53:10 CEST.
Flavor | Version | Tinstall | Tcheck | Ttotal | Status | Flags |
---|---|---|---|---|---|---|
r-devel-linux-x86_64-debian-clang | 1.2-1 | 1.90 | 44.95 | 46.85 | OK | |
r-devel-linux-x86_64-debian-gcc | 1.2-1 | 1.39 | 35.51 | 36.90 | OK | |
r-devel-linux-x86_64-fedora-clang | 1.2-1 | 58.52 | NOTE | |||
r-devel-linux-x86_64-fedora-gcc | 1.2-1 | 56.76 | NOTE | |||
r-devel-windows-x86_64 | 1.2-1 | 25.00 | 80.00 | 105.00 | OK | |
r-patched-linux-x86_64 | 1.2-1 | 2.56 | 42.37 | 44.93 | OK | |
r-release-linux-x86_64 | 1.2-1 | OK | ||||
r-release-macos-arm64 | 1.2-1 | 23.00 | NOTE | |||
r-release-macos-x86_64 | 1.2-1 | 34.00 | NOTE | |||
r-release-windows-x86_64 | 1.2-1 | 23.00 | 83.00 | 106.00 | OK | |
r-oldrel-macos-arm64 | 1.2-1 | 29.00 | NOTE | |||
r-oldrel-macos-x86_64 | 1.2-1 | 44.00 | NOTE | |||
r-oldrel-windows-ix86+x86_64 | 1.2-1 | 5.00 | 66.00 | 71.00 | OK |
Version: 1.2-1
Check: data for non-ASCII characters
Result: NOTE
Note: found 76 marked Latin-1 strings
Flavors: r-devel-linux-x86_64-fedora-clang, r-devel-linux-x86_64-fedora-gcc, r-release-macos-arm64, r-release-macos-x86_64, r-oldrel-macos-arm64, r-oldrel-macos-x86_64