CRAN Package Check Results for Package apc

Last updated on 2022-12-02 10:51:20 CET.

Flavor Version Tinstall Tcheck Ttotal Status Flags
r-devel-linux-x86_64-debian-clang 2.0.0 22.17 588.69 610.86 OK
r-devel-linux-x86_64-debian-gcc 2.0.0 19.24 442.64 461.88 OK
r-devel-linux-x86_64-fedora-clang 2.0.0 740.24 NOTE
r-devel-linux-x86_64-fedora-gcc 2.0.0 725.97 NOTE
r-devel-windows-x86_64 2.0.0 40.00 790.00 830.00 OK
r-patched-linux-x86_64 2.0.0 27.36 569.16 596.52 OK
r-release-linux-x86_64 2.0.0 22.35 528.42 550.77 OK
r-release-macos-arm64 2.0.0 355.00 NOTE
r-release-macos-x86_64 2.0.0 586.00 NOTE
r-release-windows-x86_64 2.0.0 33.00 708.00 741.00 OK
r-oldrel-macos-arm64 2.0.0 468.00 NOTE
r-oldrel-macos-x86_64 2.0.0 820.00 NOTE
r-oldrel-windows-ix86+x86_64 2.0.0 42.00 681.00 723.00 OK

Check Details

Version: 2.0.0
Check: dependencies in R code
Result: NOTE
    Namespaces in Imports field not imported from:
     ‘AER’ ‘ChainLadder’ ‘ISLR’ ‘ggplot2’
     All declared Imports should be used.
Flavors: r-devel-linux-x86_64-fedora-clang, r-devel-linux-x86_64-fedora-gcc, r-release-macos-arm64, r-release-macos-x86_64, r-oldrel-macos-arm64, r-oldrel-macos-x86_64