Last updated on 2022-08-19 09:52:07 CEST.
Flavor | Version | Tinstall | Tcheck | Ttotal | Status | Flags |
---|---|---|---|---|---|---|
r-devel-linux-x86_64-debian-clang | 0.99.25 | 9.55 | 87.59 | 97.14 | NOTE | |
r-devel-linux-x86_64-debian-gcc | 0.99.25 | 10.22 | 65.63 | 75.85 | NOTE | |
r-devel-linux-x86_64-fedora-clang | 0.99.25 | 131.69 | NOTE | |||
r-devel-linux-x86_64-fedora-gcc | 0.99.25 | 132.97 | NOTE | |||
r-devel-windows-x86_64 | 0.99.25 | 109.00 | 119.00 | 228.00 | NOTE | |
r-patched-linux-x86_64 | 0.99.25 | 12.19 | 80.30 | 92.49 | OK | |
r-release-linux-x86_64 | 0.99.25 | OK | ||||
r-release-macos-arm64 | 0.99.25 | 34.00 | OK | |||
r-release-macos-x86_64 | 0.99.25 | 51.00 | OK | |||
r-release-windows-x86_64 | 0.99.25 | 107.00 | 116.00 | 223.00 | OK | |
r-oldrel-macos-arm64 | 0.99.25 | 38.00 | OK | |||
r-oldrel-macos-x86_64 | 0.99.25 | 69.00 | OK | |||
r-oldrel-windows-ix86+x86_64 | 0.99.25 | 26.00 | 114.00 | 140.00 | OK |
Version: 0.99.25
Check: Rd files
Result: NOTE
checkRd: (-1) AIDS-Functions.Rd:334: Escaped LaTeX specials: \&
checkRd: (-1) Logit-Functions.Rd:380: Escaped LaTeX specials: \&
Flavors: r-devel-linux-x86_64-debian-clang, r-devel-linux-x86_64-debian-gcc, r-devel-linux-x86_64-fedora-clang, r-devel-linux-x86_64-fedora-gcc, r-devel-windows-x86_64