CRAN Package Check Results for Package anticlust

Last updated on 2022-11-26 10:00:36 CET.

Flavor Version Tinstall Tcheck Ttotal Status Flags
r-devel-linux-x86_64-debian-clang 0.6.1 12.48 260.96 273.44 WARN
r-devel-linux-x86_64-debian-gcc 0.6.1 10.02 184.70 194.72 WARN
r-devel-linux-x86_64-fedora-clang 0.6.1 330.77 WARN
r-devel-windows-x86_64 0.6.1 59.00 290.00 349.00 OK
r-patched-linux-x86_64 0.6.1 OK
r-release-linux-x86_64 0.6.1 10.42 243.26 253.68 OK
r-release-macos-arm64 0.6.1 76.00 OK
r-release-macos-x86_64 0.6.1 108.00 OK
r-release-windows-x86_64 0.6.1 55.00 283.00 338.00 OK
r-oldrel-macos-arm64 0.6.1 66.00 OK
r-oldrel-macos-x86_64 0.6.1 101.00 OK
r-oldrel-windows-ix86+x86_64 0.6.1 34.00 505.00 539.00 OK

Check Details

Version: 0.6.1
Check: whether package can be installed
Result: WARN
    Found the following significant warnings:
     ./header.h:50:26: warning: a function declaration without a prototype is deprecated in all versions of C [-Wstrict-prototypes]
     bicriterion_iterated_local_search_call.c:510:26: warning: a function declaration without a prototype is deprecated in all versions of C [-Wstrict-prototypes]
Flavors: r-devel-linux-x86_64-debian-clang, r-devel-linux-x86_64-fedora-clang

Version: 0.6.1
Check: whether package can be installed
Result: WARN
    Found the following significant warnings:
     header.h:50:1: warning: function declaration isn’t a prototype [-Wstrict-prototypes]
     bicriterion_iterated_local_search_call.c:510:8: warning: function declaration isn’t a prototype [-Wstrict-prototypes]
Flavor: r-devel-linux-x86_64-debian-gcc