CRAN Package Check Results for Package animaltracker

Last updated on 2022-12-06 09:52:17 CET.

Flavor Version Tinstall Tcheck Ttotal Status Flags
r-devel-linux-x86_64-debian-clang 0.2.0 9.76 104.51 114.27 OK
r-devel-linux-x86_64-debian-gcc 0.2.0 8.04 77.01 85.05 OK
r-devel-linux-x86_64-fedora-clang 0.2.0 154.93 NOTE
r-devel-linux-x86_64-fedora-gcc 0.2.0 145.61 OK
r-devel-windows-x86_64 0.2.0 96.00 142.00 238.00 OK
r-patched-linux-x86_64 0.2.0 9.48 97.96 107.44 OK
r-release-linux-x86_64 0.2.0 9.04 98.73 107.77 OK
r-release-macos-arm64 0.2.0 39.00 OK
r-release-macos-x86_64 0.2.0 67.00 OK
r-release-windows-x86_64 0.2.0 95.00 133.00 228.00 OK
r-oldrel-macos-arm64 0.2.0 45.00 OK
r-oldrel-macos-x86_64 0.2.0 52.00 OK
r-oldrel-windows-ix86+x86_64 0.2.0 24.00 132.00 156.00 OK

Check Details

Version: 0.2.0
Check: package dependencies
Result: NOTE
    Imports includes 22 non-default packages.
    Importing from so many packages makes the package vulnerable to any of
    them becoming unavailable. Move as many as possible to Suggests and
    use conditionally.
Flavor: r-devel-linux-x86_64-fedora-clang