CRAN Package Check Results for Package anacor

Last updated on 2022-01-25 09:48:27 CET.

Flavor Version Tinstall Tcheck Ttotal Status Flags
r-devel-linux-x86_64-debian-clang 1.1-3 11.46 93.04 104.50 OK
r-devel-linux-x86_64-debian-gcc 1.1-3 8.19 79.96 88.15 OK
r-devel-linux-x86_64-fedora-clang 1.1-3 118.77 OK
r-devel-linux-x86_64-fedora-gcc 1.1-3 115.24 OK
r-devel-windows-x86_64-new-UL 1.1-3 30.00 109.00 139.00 OK
r-devel-windows-x86_64-new-TK 1.1-3 ERROR
r-patched-linux-x86_64 1.1-3 7.99 86.08 94.07 OK
r-release-linux-x86_64 1.1-3 9.47 86.56 96.03 OK
r-release-macos-arm64 1.1-3 OK
r-release-macos-x86_64 1.1-3 OK
r-release-windows-ix86+x86_64 1.1-3 23.00 107.00 130.00 OK
r-oldrel-macos-x86_64 1.1-3 OK
r-oldrel-windows-ix86+x86_64 1.1-3 23.00 102.00 125.00 OK

Check Details

Version: 1.1-3
Check: package dependencies
Result: ERROR
    Package required but not available: 'car'
    
    See section 'The DESCRIPTION file' in the 'Writing R Extensions'
    manual.
Flavor: r-devel-windows-x86_64-new-TK