CRAN Package Check Results for Package alr4

Last updated on 2022-11-29 09:52:08 CET.

Flavor Version Tinstall Tcheck Ttotal Status Flags
r-devel-linux-x86_64-debian-clang 1.0.6 13.41 99.98 113.39 NOTE
r-devel-linux-x86_64-debian-gcc 1.0.6 10.72 77.61 88.33 NOTE
r-devel-linux-x86_64-fedora-clang 1.0.6 158.23 NOTE
r-devel-linux-x86_64-fedora-gcc 1.0.6 156.80 NOTE
r-devel-windows-x86_64 1.0.6 63.00 154.00 217.00 NOTE
r-patched-linux-x86_64 1.0.6 12.49 95.83 108.32 OK
r-release-linux-x86_64 1.0.6 13.84 95.71 109.55 OK
r-release-macos-arm64 1.0.6 41.00 OK
r-release-macos-x86_64 1.0.6 71.00 OK
r-release-windows-x86_64 1.0.6 55.00 154.00 209.00 OK
r-oldrel-macos-arm64 1.0.6 53.00 OK
r-oldrel-macos-x86_64 1.0.6 62.00 OK
r-oldrel-windows-ix86+x86_64 1.0.6 29.00 143.00 172.00 OK

Check Details

Version: 1.0.6
Check: Rd files
Result: NOTE
    checkRd: (-1) UN1.Rd:16: Escaped LaTeX specials: \$
    checkRd: (-1) rateprof.Rd:64: Escaped LaTeX specials: \&
Flavors: r-devel-linux-x86_64-debian-clang, r-devel-linux-x86_64-debian-gcc, r-devel-linux-x86_64-fedora-clang, r-devel-linux-x86_64-fedora-gcc, r-devel-windows-x86_64