CRAN Package Check Results for Package alpaca

Last updated on 2022-01-26 09:49:32 CET.

Flavor Version Tinstall Tcheck Ttotal Status Flags
r-devel-linux-x86_64-debian-clang 0.3.3 54.18 54.67 108.85 OK
r-devel-linux-x86_64-debian-gcc 0.3.3 43.15 41.54 84.69 OK
r-devel-linux-x86_64-fedora-clang 0.3.3 158.75 OK
r-devel-linux-x86_64-fedora-gcc 0.3.3 135.89 OK
r-devel-windows-x86_64-new-UL 0.3.3 64.00 111.00 175.00 OK
r-devel-windows-x86_64-new-TK 0.3.3 NOTE
r-patched-linux-x86_64 0.3.3 50.37 50.68 101.05 OK
r-release-linux-x86_64 0.3.3 50.53 51.03 101.56 OK
r-release-macos-arm64 0.3.3 OK
r-release-macos-x86_64 0.3.3 OK
r-release-windows-ix86+x86_64 0.3.3 139.00 93.00 232.00 OK
r-oldrel-macos-x86_64 0.3.3 OK
r-oldrel-windows-ix86+x86_64 0.3.3 140.00 92.00 232.00 OK

Check Details

Version: 0.3.3
Check: package dependencies
Result: NOTE
    Package suggested but not available for checking: 'car'
Flavor: r-devel-windows-x86_64-new-TK