CRAN Package Check Results for Package agricolaeplotr

Last updated on 2022-12-04 09:55:11 CET.

Flavor Version Tinstall Tcheck Ttotal Status Flags
r-devel-linux-x86_64-debian-clang 0.2.2 9.72 133.73 143.45 NOTE
r-devel-linux-x86_64-debian-gcc 0.2.2 6.42 96.26 102.68 NOTE
r-devel-linux-x86_64-fedora-clang 0.2.2 180.26 NOTE
r-devel-linux-x86_64-fedora-gcc 0.2.2 170.10 NOTE
r-devel-windows-x86_64 0.2.2 38.00 166.00 204.00 NOTE
r-patched-linux-x86_64 0.2.2 8.47 121.79 130.26 OK
r-release-linux-x86_64 0.2.2 8.66 124.16 132.82 OK
r-release-macos-arm64 0.2.2 53.00 NOTE
r-release-macos-x86_64 0.2.2 86.00 NOTE
r-release-windows-x86_64 0.2.2 59.00 170.00 229.00 OK
r-oldrel-macos-arm64 0.2.2 67.00 NOTE
r-oldrel-macos-x86_64 0.2.2 65.00 NOTE
r-oldrel-windows-ix86+x86_64 0.2.2 22.00 151.00 173.00 OK

Check Details

Version: 0.2.2
Check: package subdirectories
Result: NOTE
    Problems with news in 'NEWS.md':
    No news entries found.
Flavors: r-devel-linux-x86_64-debian-clang, r-devel-linux-x86_64-debian-gcc, r-devel-linux-x86_64-fedora-clang, r-devel-linux-x86_64-fedora-gcc, r-devel-windows-x86_64

Version: 0.2.2
Check: dependencies in R code
Result: NOTE
    Namespace in Imports field not imported from: ‘rmarkdown’
     All declared Imports should be used.
Flavors: r-devel-linux-x86_64-fedora-clang, r-devel-linux-x86_64-fedora-gcc, r-release-macos-arm64, r-release-macos-x86_64, r-oldrel-macos-arm64, r-oldrel-macos-x86_64