CRAN Package Check Results for Package adhoc

Last updated on 2021-12-03 10:50:41 CET.

Flavor Version Tinstall Tcheck Ttotal Status Flags
r-devel-linux-x86_64-debian-clang 1.1 13.57 109.44 123.01 NOTE
r-devel-linux-x86_64-debian-gcc 1.1 10.16 82.86 93.02 NOTE
r-devel-linux-x86_64-fedora-clang 1.1 158.13 NOTE
r-devel-linux-x86_64-fedora-gcc 1.1 140.61 NOTE
r-devel-windows-x86_64-new-UL 1.1 23.00 157.00 180.00 OK
r-devel-windows-x86_64-new-TK 1.1 OK
r-devel-windows-x86_64-old 1.1 20.00 102.00 122.00 OK
r-patched-linux-x86_64 1.1 10.80 101.99 112.79 NOTE
r-patched-solaris-x86 1.1 211.90 NOTE
r-release-linux-x86_64 1.1 12.52 102.00 114.52 NOTE
r-release-macos-arm64 1.1 OK
r-release-macos-x86_64 1.1 OK
r-release-windows-ix86+x86_64 1.1 31.00 136.00 167.00 OK
r-oldrel-macos-x86_64 1.1 OK
r-oldrel-windows-ix86+x86_64 1.1 29.00 138.00 167.00 OK

Check Details

Version: 1.1
Check: for non-standard things in the check directory
Result: NOTE
    Found the following files/directories:
     'Bestmatches.csv' 'ID.csv' 'listsp.csv' 'mylabels.csv'
Flavors: r-devel-linux-x86_64-debian-clang, r-devel-linux-x86_64-debian-gcc, r-devel-linux-x86_64-fedora-clang, r-devel-linux-x86_64-fedora-gcc, r-patched-linux-x86_64, r-patched-solaris-x86, r-release-linux-x86_64