Last updated on 2023-02-07 10:53:47 CET.
Flavor | Version | Tinstall | Tcheck | Ttotal | Status | Flags |
---|---|---|---|---|---|---|
r-devel-linux-x86_64-debian-clang | 3.2.0 | 10.96 | 98.24 | 109.20 | OK | |
r-devel-linux-x86_64-debian-gcc | 3.2.0 | 7.42 | 72.39 | 79.81 | OK | |
r-devel-linux-x86_64-fedora-clang | 3.2.0 | 137.71 | NOTE | |||
r-devel-linux-x86_64-fedora-gcc | 3.2.0 | 137.85 | NOTE | |||
r-devel-windows-x86_64 | 3.2.0 | 21.00 | 130.00 | 151.00 | OK | |
r-patched-linux-x86_64 | 3.2.0 | 9.47 | 97.88 | 107.35 | OK | |
r-release-linux-x86_64 | 3.2.0 | 7.59 | 98.34 | 105.93 | OK | |
r-release-macos-arm64 | 3.2.0 | 38.00 | NOTE | |||
r-release-macos-x86_64 | 3.2.0 | 74.00 | NOTE | |||
r-release-windows-x86_64 | 3.2.0 | 23.00 | 140.00 | 163.00 | OK | |
r-oldrel-macos-arm64 | 3.2.0 | 47.00 | NOTE | |||
r-oldrel-macos-x86_64 | 3.2.0 | 49.00 | NOTE | |||
r-oldrel-windows-ix86+x86_64 | 3.2.0 | 28.00 | 144.00 | 172.00 | OK |
Version: 3.2.0
Check: dependencies in R code
Result: NOTE
Namespace in Imports field not imported from: ‘jsonlite’
All declared Imports should be used.
Flavors: r-devel-linux-x86_64-fedora-clang, r-devel-linux-x86_64-fedora-gcc, r-release-macos-arm64, r-release-macos-x86_64, r-oldrel-macos-arm64, r-oldrel-macos-x86_64